CRAN Package Check Results for Package margaret

Last updated on 2025-04-30 04:50:10 CEST.

Flavor Version Tinstall Tcheck Ttotal Status Flags
r-devel-linux-x86_64-debian-clang 0.1.4 42.59 133.07 175.66 NOTE
r-devel-linux-x86_64-debian-gcc 0.1.4 32.35 92.71 125.06 NOTE
r-devel-linux-x86_64-fedora-clang 0.1.4 293.58 NOTE
r-devel-linux-x86_64-fedora-gcc 0.1.4 253.31 NOTE
r-devel-windows-x86_64 0.1.4 47.00 124.00 171.00 NOTE
r-patched-linux-x86_64 0.1.4 40.40 123.94 164.34 NOTE
r-release-linux-x86_64 0.1.4 43.43 123.87 167.30 NOTE
r-release-macos-arm64 0.1.4 77.00 NOTE
r-release-macos-x86_64 0.1.4 147.00 NOTE
r-release-windows-x86_64 0.1.4 46.00 154.00 200.00 NOTE
r-oldrel-macos-arm64 0.1.4 81.00 OK
r-oldrel-macos-x86_64 0.1.4 108.00 OK
r-oldrel-windows-x86_64 0.1.4 59.00 162.00 221.00 OK

Check Details

Version: 0.1.4
Check: DESCRIPTION meta-information
Result: NOTE Missing dependency on R >= 4.1.0 because package code uses the pipe |> or function shorthand \(...) syntax added in R 4.1.0. File(s) using such syntax: ‘data_analysis_descriptive.R’ ‘functions.R’ ‘main.R’ ‘merge_quality_articles.R’ Flavors: r-devel-linux-x86_64-debian-clang, r-devel-linux-x86_64-debian-gcc, r-devel-linux-x86_64-fedora-clang, r-devel-linux-x86_64-fedora-gcc, r-devel-windows-x86_64, r-patched-linux-x86_64, r-release-linux-x86_64, r-release-macos-arm64, r-release-macos-x86_64, r-release-windows-x86_64