CRAN Package Check Results for Package marima

Last updated on 2025-04-30 04:50:10 CEST.

Flavor Version Tinstall Tcheck Ttotal Status Flags
r-devel-linux-x86_64-debian-clang 2.2 3.77 41.44 45.21 NOTE
r-devel-linux-x86_64-debian-gcc 2.2 2.67 30.18 32.85 NOTE
r-devel-linux-x86_64-fedora-clang 2.2 70.69 NOTE
r-devel-linux-x86_64-fedora-gcc 2.2 68.00 NOTE
r-devel-windows-x86_64 2.2 5.00 60.00 65.00 NOTE
r-patched-linux-x86_64 2.2 4.30 39.65 43.95 NOTE
r-release-linux-x86_64 2.2 3.65 40.32 43.97 NOTE
r-release-macos-arm64 2.2 26.00 NOTE
r-release-macos-x86_64 2.2 44.00 NOTE
r-release-windows-x86_64 2.2 5.00 62.00 67.00 NOTE
r-oldrel-macos-arm64 2.2 30.00 NOTE
r-oldrel-macos-x86_64 2.2 33.00 NOTE
r-oldrel-windows-x86_64 2.2 5.00 57.00 62.00 NOTE

Check Details

Version: 2.2
Check: CRAN incoming feasibility
Result: NOTE Maintainer: ‘Henrik Spliid <hspl@dtu.dk>’ No Authors@R field in DESCRIPTION. Please add one, modifying Authors@R: person(given = "Henrik", family = "Spliid", role = c("aut", "cre"), email = "hspl@dtu.dk") as necessary. Flavors: r-devel-linux-x86_64-debian-clang, r-devel-linux-x86_64-debian-gcc

Version: 2.2
Check: Rd files
Result: NOTE checkRd: (-1) marima.Rd:28: Lost braces; missing escapes or markup? 28 | ( if(is.ts(DATA)) { DATA <- as.matrix(data.frame(DATA)) } and a message | ^ checkRd: (-1) marima.Rd:223: Escaped LaTeX specials: \& Flavors: r-devel-linux-x86_64-debian-clang, r-devel-linux-x86_64-debian-gcc, r-devel-linux-x86_64-fedora-clang, r-devel-linux-x86_64-fedora-gcc, r-devel-windows-x86_64, r-patched-linux-x86_64, r-release-linux-x86_64, r-release-macos-arm64, r-release-macos-x86_64, r-release-windows-x86_64, r-oldrel-macos-arm64, r-oldrel-macos-x86_64, r-oldrel-windows-x86_64

Version: 2.2
Check: examples
Result: NOTE Examples with CPU (user + system) or elapsed time > 5s user system elapsed marima.sim 4.582 0.039 5.772 Flavor: r-devel-linux-x86_64-debian-clang