CRAN Package Check Results for Package markerpen

Last updated on 2025-04-30 04:50:10 CEST.

Flavor Version Tinstall Tcheck Ttotal Status Flags
r-devel-linux-x86_64-debian-clang 0.1.1 45.02 82.73 127.75 NOTE
r-devel-linux-x86_64-debian-gcc 0.1.1 35.46 66.64 102.10 NOTE
r-devel-linux-x86_64-fedora-clang 0.1.1 201.93 NOTE
r-devel-linux-x86_64-fedora-gcc 0.1.1 219.49 NOTE
r-devel-windows-x86_64 0.1.1 52.00 138.00 190.00 NOTE
r-patched-linux-x86_64 0.1.1 49.58 76.86 126.44 NOTE
r-release-linux-x86_64 0.1.1 53.25 77.40 130.65 NOTE
r-release-macos-arm64 0.1.1 89.00 NOTE
r-release-macos-x86_64 0.1.1 150.00 NOTE
r-release-windows-x86_64 0.1.1 55.00 149.00 204.00 NOTE
r-oldrel-macos-arm64 0.1.1 66.00 NOTE
r-oldrel-macos-x86_64 0.1.1 104.00 NOTE
r-oldrel-windows-x86_64 0.1.1 59.00 137.00 196.00 NOTE

Check Details

Version: 0.1.1
Check: CRAN incoming feasibility
Result: NOTE Maintainer: ‘Yixuan Qiu <yixuan.qiu@cos.name>’ No Authors@R field in DESCRIPTION. Please add one, modifying Authors@R: c(person(given = "Yixuan", family = "Qiu", role = c("aut", "cre"), email = "yixuan.qiu@cos.name"), person(given = "Jiebiao", family = "Wang", role = "aut"), person(given = "Jing", family = "Lei", role = "aut"), person(given = "Kathryn", family = "Roeder", role = "aut")) as necessary. Flavors: r-devel-linux-x86_64-debian-clang, r-devel-linux-x86_64-debian-gcc

Version: 0.1.1
Check: C++ specification
Result: NOTE Specified C++11: please drop specification unless essential Flavors: r-devel-linux-x86_64-debian-clang, r-devel-linux-x86_64-debian-gcc, r-devel-linux-x86_64-fedora-clang, r-devel-linux-x86_64-fedora-gcc, r-devel-windows-x86_64, r-patched-linux-x86_64, r-release-linux-x86_64, r-release-macos-arm64, r-release-macos-x86_64, r-release-windows-x86_64, r-oldrel-macos-arm64, r-oldrel-macos-x86_64, r-oldrel-windows-x86_64

Version: 0.1.1
Check: examples
Result: NOTE Examples with CPU (user + system) or elapsed time > 5s user system elapsed refine_markers 11.17 0.565 7.157 Flavor: r-devel-linux-x86_64-debian-clang

Version: 0.1.1
Check: examples
Result: NOTE Examples with CPU (user + system) or elapsed time > 5s user system elapsed refine_markers 9.672 0.054 7.215 Flavor: r-devel-linux-x86_64-debian-gcc

Version: 0.1.1
Check: installed package size
Result: NOTE installed size is 18.2Mb sub-directories of 1Mb or more: examples 2.7Mb libs 14.2Mb Flavors: r-oldrel-macos-arm64, r-oldrel-macos-x86_64, r-oldrel-windows-x86_64