Last updated on 2025-04-30 04:50:11 CEST.
Flavor | Version | Tinstall | Tcheck | Ttotal | Status | Flags |
---|---|---|---|---|---|---|
r-devel-linux-x86_64-debian-clang | 1.1.5 | 60.42 | 216.33 | 276.75 | OK | |
r-devel-linux-x86_64-debian-gcc | 1.1.5 | 43.13 | 141.75 | 184.88 | OK | |
r-devel-linux-x86_64-fedora-clang | 1.1.5 | 453.35 | OK | |||
r-devel-linux-x86_64-fedora-gcc | 1.1.5 | 469.02 | OK | |||
r-devel-windows-x86_64 | 1.1.5 | 60.00 | 296.00 | 356.00 | OK | |
r-patched-linux-x86_64 | 1.1.5 | 69.68 | 205.18 | 274.86 | OK | |
r-release-linux-x86_64 | 1.1.5 | 65.14 | 206.99 | 272.13 | OK | |
r-release-macos-arm64 | 1.1.5 | 173.00 | OK | |||
r-release-macos-x86_64 | 1.1.5 | 292.00 | OK | |||
r-release-windows-x86_64 | 1.1.5 | 60.00 | 314.00 | 374.00 | OK | |
r-oldrel-macos-arm64 | 1.1.5 | 83.00 | NOTE | |||
r-oldrel-macos-x86_64 | 1.1.5 | 151.00 | NOTE | |||
r-oldrel-windows-x86_64 | 1.1.5 | 73.00 | 392.00 | 465.00 | OK |
Version: 1.1.5
Check: installed package size
Result: NOTE
installed size is 5.3Mb
sub-directories of 1Mb or more:
libs 3.5Mb
Flavors: r-oldrel-macos-arm64, r-oldrel-macos-x86_64