CRAN Package Check Results for Package markophylo

Last updated on 2025-04-30 04:50:11 CEST.

Flavor Version Tinstall Tcheck Ttotal Status Flags
r-devel-linux-x86_64-debian-clang 1.0.9 31.48 94.91 126.39 NOTE
r-devel-linux-x86_64-debian-gcc 1.0.9 22.84 68.23 91.07 NOTE
r-devel-linux-x86_64-fedora-clang 1.0.9 207.26 OK
r-devel-linux-x86_64-fedora-gcc 1.0.9 362.49 OK
r-devel-windows-x86_64 1.0.9 38.00 125.00 163.00 OK
r-patched-linux-x86_64 1.0.9 30.71 90.58 121.29 OK
r-release-linux-x86_64 1.0.9 30.30 91.16 121.46 OK
r-release-macos-arm64 1.0.9 108.00 OK
r-release-macos-x86_64 1.0.9 220.00 OK
r-release-windows-x86_64 1.0.9 40.00 126.00 166.00 OK
r-oldrel-macos-arm64 1.0.9 91.00 OK
r-oldrel-macos-x86_64 1.0.9 150.00 OK
r-oldrel-windows-x86_64 1.0.9 44.00 160.00 204.00 OK

Check Details

Version: 1.0.9
Check: CRAN incoming feasibility
Result: NOTE Maintainer: ‘Utkarsh J. Dang <utkarshdang@cunet.carleton.ca>’ No Authors@R field in DESCRIPTION. Please add one, modifying Authors@R: c(person(given = c("Utkarsh", "J."), family = "Dang", role = c("aut", "cre"), email = "utkarshdang@cunet.carleton.ca"), person(given = c("G.", "Brian"), family = "Golding", role = "aut")) as necessary. Flavors: r-devel-linux-x86_64-debian-clang, r-devel-linux-x86_64-debian-gcc