Last updated on 2025-04-30 04:50:11 CEST.
Flavor | Version | Tinstall | Tcheck | Ttotal | Status | Flags |
---|---|---|---|---|---|---|
r-devel-linux-x86_64-debian-clang | 1.0.0 | 31.79 | 109.13 | 140.92 | NOTE | |
r-devel-linux-x86_64-debian-gcc | 1.0.0 | 62.33 | 80.23 | 142.56 | OK | |
r-devel-linux-x86_64-fedora-clang | 1.0.0 | 196.53 | OK | |||
r-devel-linux-x86_64-fedora-gcc | 1.0.0 | 268.28 | OK | |||
r-devel-windows-x86_64 | 1.0.0 | 33.00 | 105.00 | 138.00 | OK | |
r-patched-linux-x86_64 | 1.0.0 | 110.15 | 104.08 | 214.23 | OK | |
r-release-linux-x86_64 | 1.0.0 | 115.10 | 104.16 | 219.26 | OK | |
r-release-macos-arm64 | 1.0.0 | 74.00 | OK | |||
r-release-macos-x86_64 | 1.0.0 | 132.00 | OK | |||
r-release-windows-x86_64 | 1.0.0 | 34.00 | 130.00 | 164.00 | OK | |
r-oldrel-macos-arm64 | 1.0.0 | 67.00 | NOTE | |||
r-oldrel-macos-x86_64 | 1.0.0 | 176.00 | NOTE | |||
r-oldrel-windows-x86_64 | 1.0.0 | 35.00 | 135.00 | 170.00 | OK |
Version: 1.0.0
Check: examples
Result: NOTE
Examples with CPU (user + system) or elapsed time > 5s
user system elapsed
geom_marquee 3.78 0.067 5.141
Flavor: r-devel-linux-x86_64-debian-clang
Version: 1.0.0
Check: installed package size
Result: NOTE
installed size is 6.0Mb
sub-directories of 1Mb or more:
doc 2.3Mb
libs 2.8Mb
Flavors: r-oldrel-macos-arm64, r-oldrel-macos-x86_64