CRAN Package Check Results for Package mas

Last updated on 2025-04-30 04:50:11 CEST.

Flavor Version Tinstall Tcheck Ttotal Status Flags
r-devel-linux-x86_64-debian-clang 0.3 81.90 28.52 110.42 OK
r-devel-linux-x86_64-debian-gcc 0.3 69.68 29.05 98.73 OK
r-devel-linux-x86_64-fedora-clang 0.3 165.22 OK
r-devel-linux-x86_64-fedora-gcc 0.3 212.08 OK
r-devel-windows-x86_64 0.3 80.00 79.00 159.00 OK
r-patched-linux-x86_64 0.3 86.68 36.66 123.34 OK
r-release-linux-x86_64 0.3 84.18 36.66 120.84 OK
r-release-macos-arm64 0.3 72.00 OK
r-release-macos-x86_64 0.3 128.00 OK
r-release-windows-x86_64 0.3 80.00 73.00 153.00 OK
r-oldrel-macos-arm64 0.3 53.00 NOTE
r-oldrel-macos-x86_64 0.3 96.00 NOTE
r-oldrel-windows-x86_64 0.3 90.00 81.00 171.00 OK

Check Details

Version: 0.3
Check: installed package size
Result: NOTE installed size is 49.1Mb sub-directories of 1Mb or more: libs 48.8Mb Flavors: r-oldrel-macos-arm64, r-oldrel-macos-x86_64