Last updated on 2025-04-30 04:50:11 CEST.
Flavor | Version | Tinstall | Tcheck | Ttotal | Status | Flags |
---|---|---|---|---|---|---|
r-devel-linux-x86_64-debian-clang | 0.2.79 | 47.42 | 258.35 | 305.77 | OK | |
r-devel-linux-x86_64-debian-gcc | 0.2.79 | 35.38 | 197.13 | 232.51 | OK | |
r-devel-linux-x86_64-fedora-clang | 0.2.79 | 480.41 | NOTE | |||
r-devel-linux-x86_64-fedora-gcc | 0.2.79 | 491.56 | NOTE | |||
r-devel-windows-x86_64 | 0.2.79 | 63.00 | 294.00 | 357.00 | OK | |
r-patched-linux-x86_64 | 0.2.79 | 54.01 | 244.10 | 298.11 | OK | |
r-release-linux-x86_64 | 0.2.79 | 48.47 | 242.63 | 291.10 | OK | |
r-release-macos-arm64 | 0.2.79 | 285.00 | OK | |||
r-release-macos-x86_64 | 0.2.79 | 336.00 | OK | |||
r-release-windows-x86_64 | 0.2.79 | 67.00 | 288.00 | 355.00 | OK | |
r-oldrel-macos-arm64 | 0.2.79 | 156.00 | NOTE | |||
r-oldrel-macos-x86_64 | 0.2.79 | 233.00 | NOTE | |||
r-oldrel-windows-x86_64 | 0.2.79 | 72.00 | 371.00 | 443.00 | OK |
Version: 0.2.79
Check: dependencies in R code
Result: NOTE
Namespace in Imports field not imported from: ‘softImpute’
All declared Imports should be used.
Flavors: r-devel-linux-x86_64-fedora-clang, r-devel-linux-x86_64-fedora-gcc
Version: 0.2.79
Check: installed package size
Result: NOTE
installed size is 8.3Mb
sub-directories of 1Mb or more:
libs 7.4Mb
Flavors: r-oldrel-macos-arm64, r-oldrel-macos-x86_64