CRAN Package Check Results for Package mastif

Last updated on 2025-04-30 04:50:11 CEST.

Flavor Version Tinstall Tcheck Ttotal Status Flags
r-devel-linux-x86_64-debian-clang 2.3 56.47 123.20 179.67 NOTE
r-devel-linux-x86_64-debian-gcc 2.3 34.66 80.52 115.18 NOTE
r-devel-linux-x86_64-fedora-clang 2.3 303.71 OK
r-devel-linux-x86_64-fedora-gcc 2.3 296.35 OK
r-devel-windows-x86_64 2.3 59.00 137.00 196.00 OK
r-patched-linux-x86_64 2.3 56.75 116.86 173.61 OK
r-release-linux-x86_64 2.3 54.00 116.46 170.46 OK
r-release-macos-arm64 2.3 88.00 OK
r-release-macos-x86_64 2.3 155.00 OK
r-release-windows-x86_64 2.3 59.00 128.00 187.00 OK
r-oldrel-macos-arm64 2.3 69.00 OK
r-oldrel-macos-x86_64 2.3 119.00 OK
r-oldrel-windows-x86_64 2.3 72.00 170.00 242.00 OK

Check Details

Version: 2.3
Check: CRAN incoming feasibility
Result: NOTE Maintainer: ‘James S. Clark <jimclark@duke.edu>’ No Authors@R field in DESCRIPTION. Please add one, modifying Authors@R: person(given = c("James", "S."), family = "Clark", role = c("aut", "cre"), email = "jimclark@duke.edu") as necessary. Flavors: r-devel-linux-x86_64-debian-clang, r-devel-linux-x86_64-debian-gcc