CRAN Package Check Results for Package matRiks

Last updated on 2025-04-30 04:50:11 CEST.

Flavor Version Tinstall Tcheck Ttotal Status Flags
r-devel-linux-x86_64-debian-clang 0.1.3 11.58 138.30 149.88 NOTE
r-devel-linux-x86_64-debian-gcc 0.1.3 9.01 98.29 107.30 NOTE
r-devel-linux-x86_64-fedora-clang 0.1.3 226.13 OK
r-devel-linux-x86_64-fedora-gcc 0.1.3 229.77 OK
r-devel-windows-x86_64 0.1.3 12.00 151.00 163.00 OK
r-patched-linux-x86_64 0.1.3 13.19 126.22 139.41 OK
r-release-linux-x86_64 0.1.3 11.42 125.56 136.98 OK
r-release-macos-arm64 0.1.3 72.00 OK
r-release-macos-x86_64 0.1.3 125.00 OK
r-release-windows-x86_64 0.1.3 12.00 155.00 167.00 OK
r-oldrel-macos-arm64 0.1.3 66.00 OK
r-oldrel-macos-x86_64 0.1.3 108.00 OK
r-oldrel-windows-x86_64 0.1.3 16.00 189.00 205.00 OK

Check Details

Version: 0.1.3
Check: CRAN incoming feasibility
Result: NOTE Maintainer: ‘Andrea Brancaccio <andrea.brancaccio@unipd.it>’ No Authors@R field in DESCRIPTION. Please add one, modifying Authors@R: c(person(given = "Andrea", family = "Brancaccio", role = c("aut", "ctb", "cph", "cre"), email = "andrea.brancaccio@unipd.it"), person(given = c("Ottavia", "M."), family = "Epifania", role = c("aut", "ctb", "com")), person(given = "Debora", family = "de Chiusole", role = "ctb")) as necessary. Flavors: r-devel-linux-x86_64-debian-clang, r-devel-linux-x86_64-debian-gcc