Last updated on 2025-04-30 04:50:11 CEST.
Flavor | Version | Tinstall | Tcheck | Ttotal | Status | Flags |
---|---|---|---|---|---|---|
r-devel-linux-x86_64-debian-clang | 0.1.2 | 1.46 | 17.50 | 18.96 | NOTE | |
r-devel-linux-x86_64-debian-gcc | 0.1.2 | 1.41 | 14.21 | 15.62 | NOTE | |
r-devel-linux-x86_64-fedora-clang | 0.1.2 | 30.21 | OK | |||
r-devel-linux-x86_64-fedora-gcc | 0.1.2 | 29.00 | OK | |||
r-devel-windows-x86_64 | 0.1.2 | 3.00 | 45.00 | 48.00 | OK | |
r-patched-linux-x86_64 | 0.1.2 | 1.74 | 16.83 | 18.57 | OK | |
r-release-linux-x86_64 | 0.1.2 | 1.89 | 17.18 | 19.07 | OK | |
r-release-macos-arm64 | 0.1.2 | 17.00 | OK | |||
r-release-macos-x86_64 | 0.1.2 | 23.00 | OK | |||
r-release-windows-x86_64 | 0.1.2 | 3.00 | 42.00 | 45.00 | OK | |
r-oldrel-macos-arm64 | 0.1.2 | 14.00 | OK | |||
r-oldrel-macos-x86_64 | 0.1.2 | 20.00 | OK | |||
r-oldrel-windows-x86_64 | 0.1.2 | 3.00 | 37.00 | 40.00 | OK |
Version: 0.1.2
Check: CRAN incoming feasibility
Result: NOTE
Maintainer: ‘Norm Matloff <normmatloff@gmail.com>’
No Authors@R field in DESCRIPTION.
Please add one, modifying
Authors@R: c(person(given = "Norm",
family = "Matloff",
role = c("aut", "cre"),
email = "normmatloff@gmail.com"),
person(given = "Jack",
family = "Norman",
role = "aut"))
as necessary.
Flavors: r-devel-linux-x86_64-debian-clang, r-devel-linux-x86_64-debian-gcc