CRAN Package Check Results for Package matrans

Last updated on 2025-04-30 04:50:11 CEST.

Flavor Version Tinstall Tcheck Ttotal Status Flags
r-devel-linux-x86_64-debian-clang 0.2.0 15.64 126.56 142.20 OK
r-devel-linux-x86_64-debian-gcc 0.2.0 11.12 92.32 103.44 OK
r-devel-linux-x86_64-fedora-clang 0.2.0 206.41 NOTE
r-devel-linux-x86_64-fedora-gcc 0.2.0 207.46 NOTE
r-devel-windows-x86_64 0.2.0 15.00 130.00 145.00 OK
r-patched-linux-x86_64 0.2.0 13.50 115.07 128.57 OK
r-release-linux-x86_64 0.2.0 12.54 114.63 127.17 OK
r-release-macos-arm64 0.2.0 62.00 OK
r-release-macos-x86_64 0.2.0 120.00 OK
r-release-windows-x86_64 0.2.0 15.00 127.00 142.00 OK
r-oldrel-macos-arm64 0.2.0 68.00 OK
r-oldrel-macos-x86_64 0.2.0 112.00 OK
r-oldrel-windows-x86_64 0.2.0 21.00 162.00 183.00 OK

Check Details

Version: 0.2.0
Check: dependencies in R code
Result: NOTE Namespace in Imports field not imported from: ‘formatR’ All declared Imports should be used. Flavors: r-devel-linux-x86_64-fedora-clang, r-devel-linux-x86_64-fedora-gcc