CRAN Package Check Results for Package matrixLaplacian

Last updated on 2025-02-22 05:51:41 CET.

Flavor Version Tinstall Tcheck Ttotal Status Flags
r-devel-linux-x86_64-debian-clang 1.0 1.47 15.73 17.20 OK
r-devel-linux-x86_64-debian-gcc 1.0 1.29 12.81 14.10 OK
r-devel-linux-x86_64-fedora-clang 1.0 27.86 OK
r-devel-linux-x86_64-fedora-gcc 1.0 27.62 OK
r-devel-macos-arm64 1.0 15.00 OK
r-devel-macos-x86_64 1.0 28.00 OK
r-devel-windows-x86_64 1.0 2.00 38.00 40.00 OK
r-patched-linux-x86_64 1.0 1.48 15.27 16.75 NOTE
r-release-linux-x86_64 1.0 1.53 15.47 17.00 NOTE
r-release-macos-arm64 1.0 14.00 NOTE
r-release-macos-x86_64 1.0 20.00 NOTE
r-release-windows-x86_64 1.0 3.00 36.00 39.00 NOTE
r-oldrel-macos-arm64 1.0 14.00 NOTE
r-oldrel-macos-x86_64 1.0 21.00 NOTE
r-oldrel-windows-x86_64 1.0 2.00 38.00 40.00 NOTE

Check Details

Version: 1.0
Check: LazyData
Result: NOTE 'LazyData' is specified without a 'data' directory Flavors: r-patched-linux-x86_64, r-release-linux-x86_64, r-release-macos-arm64, r-release-macos-x86_64, r-release-windows-x86_64, r-oldrel-macos-arm64, r-oldrel-macos-x86_64, r-oldrel-windows-x86_64