CRAN Package Check Results for Package matrixProfile

Last updated on 2025-04-30 04:50:11 CEST.

Flavor Version Tinstall Tcheck Ttotal Status Flags
r-devel-linux-x86_64-debian-clang 0.5.0 2.37 23.51 25.88 NOTE
r-devel-linux-x86_64-debian-gcc 0.5.0 1.75 18.70 20.45 NOTE
r-devel-linux-x86_64-fedora-clang 0.5.0 40.08 OK
r-devel-linux-x86_64-fedora-gcc 0.5.0 38.16 OK
r-devel-windows-x86_64 0.5.0 4.00 47.00 51.00 OK
r-patched-linux-x86_64 0.5.0 2.21 22.51 24.72 OK
r-release-linux-x86_64 0.5.0 2.34 22.84 25.18 OK
r-release-macos-arm64 0.5.0 21.00 OK
r-release-macos-x86_64 0.5.0 34.00 OK
r-release-windows-x86_64 0.5.0 4.00 58.00 62.00 OK
r-oldrel-macos-arm64 0.5.0 18.00 NOTE
r-oldrel-macos-x86_64 0.5.0 28.00 NOTE
r-oldrel-windows-x86_64 0.5.0 4.00 50.00 54.00 NOTE

Check Details

Version: 0.5.0
Check: CRAN incoming feasibility
Result: NOTE Maintainer: ‘Donghwan Kim <donhkim9714@korea.ac.kr>’ No Authors@R field in DESCRIPTION. Please add one, modifying Authors@R: person(given = "Donghwan", family = "Kim", role = c("aut", "cre"), email = "donhkim9714@korea.ac.kr") as necessary. Flavors: r-devel-linux-x86_64-debian-clang, r-devel-linux-x86_64-debian-gcc

Version: 0.5.0
Check: LazyData
Result: NOTE 'LazyData' is specified without a 'data' directory Flavors: r-oldrel-macos-arm64, r-oldrel-macos-x86_64, r-oldrel-windows-x86_64