Last updated on 2025-04-30 04:50:11 CEST.
Flavor | Version | Tinstall | Tcheck | Ttotal | Status | Flags |
---|---|---|---|---|---|---|
r-devel-linux-x86_64-debian-clang | 0.0.1 | 1.81 | 18.34 | 20.15 | NOTE | |
r-devel-linux-x86_64-debian-gcc | 0.0.1 | 1.44 | 15.10 | 16.54 | NOTE | |
r-devel-linux-x86_64-fedora-clang | 0.0.1 | 31.45 | NOTE | |||
r-devel-linux-x86_64-fedora-gcc | 0.0.1 | 30.62 | NOTE | |||
r-devel-windows-x86_64 | 0.0.1 | 3.00 | 43.00 | 46.00 | OK | |
r-patched-linux-x86_64 | 0.0.1 | 1.78 | 17.77 | 19.55 | OK | |
r-release-linux-x86_64 | 0.0.1 | 1.78 | 17.78 | 19.56 | OK | |
r-release-macos-arm64 | 0.0.1 | 18.00 | OK | |||
r-release-macos-x86_64 | 0.0.1 | 23.00 | OK | |||
r-release-windows-x86_64 | 0.0.1 | 4.00 | 43.00 | 47.00 | OK | |
r-oldrel-macos-arm64 | 0.0.1 | 16.00 | OK | |||
r-oldrel-macos-x86_64 | 0.0.1 | 20.00 | OK | |||
r-oldrel-windows-x86_64 | 0.0.1 | 4.00 | 40.00 | 44.00 | OK |
Version: 0.0.1
Check: CRAN incoming feasibility
Result: NOTE
Maintainer: ‘Matthew Cserhati <csmatyi@protonmail.com>’
The Description field contains
References: Mullner. <ArXiv:1109.2378>; Cserhati, Carter. (2020,
Please refer to arXiv e-prints via their arXiv DOI <doi:10.48550/arXiv.YYMM.NNNNN>.
Flavors: r-devel-linux-x86_64-debian-clang, r-devel-linux-x86_64-debian-gcc
Version: 0.0.1
Check: dependencies in R code
Result: NOTE
Namespace in Imports field not imported from: ‘stats’
All declared Imports should be used.
Flavors: r-devel-linux-x86_64-fedora-clang, r-devel-linux-x86_64-fedora-gcc