Last updated on 2025-02-21 03:52:17 CET.
Flavor | Version | Tinstall | Tcheck | Ttotal | Status | Flags |
---|---|---|---|---|---|---|
r-devel-linux-x86_64-debian-clang | 0.0.1 | 1.82 | 18.14 | 19.96 | OK | |
r-devel-linux-x86_64-debian-gcc | 0.0.1 | 1.42 | 15.46 | 16.88 | OK | |
r-devel-linux-x86_64-fedora-clang | 0.0.1 | 32.04 | NOTE | |||
r-devel-linux-x86_64-fedora-gcc | 0.0.1 | 32.79 | NOTE | |||
r-devel-macos-arm64 | 0.0.1 | 16.00 | OK | |||
r-devel-macos-x86_64 | 0.0.1 | 24.00 | OK | |||
r-devel-windows-x86_64 | 0.0.1 | 3.00 | 40.00 | 43.00 | OK | |
r-patched-linux-x86_64 | 0.0.1 | 1.83 | 17.27 | 19.10 | OK | |
r-release-linux-x86_64 | 0.0.1 | 1.55 | 17.42 | 18.97 | OK | |
r-release-macos-arm64 | 0.0.1 | 16.00 | OK | |||
r-release-macos-x86_64 | 0.0.1 | 20.00 | OK | |||
r-release-windows-x86_64 | 0.0.1 | 4.00 | 41.00 | 45.00 | OK | |
r-oldrel-macos-arm64 | 0.0.1 | 16.00 | OK | |||
r-oldrel-macos-x86_64 | 0.0.1 | 19.00 | OK | |||
r-oldrel-windows-x86_64 | 0.0.1 | 4.00 | 66.00 | 70.00 | OK |
Version: 0.0.1
Check: dependencies in R code
Result: NOTE
Namespace in Imports field not imported from: ‘stats’
All declared Imports should be used.
Flavors: r-devel-linux-x86_64-fedora-clang, r-devel-linux-x86_64-fedora-gcc