CRAN Package Check Results for Package maxcombo

Last updated on 2025-04-30 04:50:11 CEST.

Flavor Version Tinstall Tcheck Ttotal Status Flags
r-devel-linux-x86_64-debian-clang 1.0 2.63 29.59 32.22 NOTE
r-devel-linux-x86_64-debian-gcc 1.0 2.10 23.07 25.17 NOTE
r-devel-linux-x86_64-fedora-clang 1.0 50.58 OK
r-devel-linux-x86_64-fedora-gcc 1.0 48.19 OK
r-devel-windows-x86_64 1.0 5.00 58.00 63.00 OK
r-patched-linux-x86_64 1.0 3.40 28.30 31.70 OK
r-release-linux-x86_64 1.0 3.12 27.94 31.06 OK
r-release-macos-arm64 1.0 26.00 OK
r-release-macos-x86_64 1.0 32.00 OK
r-release-windows-x86_64 1.0 5.00 68.00 73.00 OK
r-oldrel-macos-arm64 1.0 20.00 OK
r-oldrel-macos-x86_64 1.0 30.00 OK
r-oldrel-windows-x86_64 1.0 5.00 57.00 62.00 OK

Check Details

Version: 1.0
Check: CRAN incoming feasibility
Result: NOTE Maintainer: ‘Tom Prior <tomjamesprior@gmail.com>’ No Authors@R field in DESCRIPTION. Please add one, modifying Authors@R: person(given = "Tom", family = "Prior", role = c("aut", "cre"), email = "tomjamesprior@gmail.com") as necessary. Found the following URLs which should use \doi (with the DOI name only): File ‘maxcombo-package.Rd’: https://doi.org/10.1177/0962280220931560 Flavors: r-devel-linux-x86_64-debian-clang, r-devel-linux-x86_64-debian-gcc