CRAN Package Check Results for Package maxlike

Last updated on 2025-04-30 04:50:11 CEST.

Flavor Version Tinstall Tcheck Ttotal Status Flags
r-devel-linux-x86_64-debian-clang 0.1-11 24.89 226.83 251.72 NOTE
r-devel-linux-x86_64-debian-gcc 0.1-11 16.97 144.92 161.89 NOTE
r-devel-linux-x86_64-fedora-clang 0.1-11 398.19 OK
r-devel-linux-x86_64-fedora-gcc 0.1-11 380.76 OK
r-devel-windows-x86_64 0.1-11 23.00 183.00 206.00 NOTE
r-patched-linux-x86_64 0.1-11 25.13 213.66 238.79 NOTE
r-release-linux-x86_64 0.1-11 25.90 212.62 238.52 NOTE
r-release-macos-arm64 0.1-11 96.00 OK
r-release-macos-x86_64 0.1-11 250.00 OK
r-release-windows-x86_64 0.1-11 24.00 181.00 205.00 NOTE
r-oldrel-macos-arm64 0.1-11 80.00 OK
r-oldrel-macos-x86_64 0.1-11 152.00 OK
r-oldrel-windows-x86_64 0.1-11 33.00 247.00 280.00 OK

Check Details

Version: 0.1-11
Check: CRAN incoming feasibility
Result: NOTE Maintainer: ‘Roeland Kindt <RoelandCEKindt@gmail.com>’ No Authors@R field in DESCRIPTION. Please add one, modifying Authors@R: c(person(given = "Richard", family = "Chandler", role = "aut"), person(given = "Andy", family = "Royle", role = "aut"), person(given = "Roeland", family = "Kindt", role = c("aut", "cre"), email = "roelandcekindt@gmail.com")) as necessary. Flavors: r-devel-linux-x86_64-debian-clang, r-devel-linux-x86_64-debian-gcc

Version: 0.1-11
Check: Rd cross-references
Result: NOTE Found the following Rd file(s) with Rd \link{} targets missing package anchors: carw.Rd: raster maxlike-package.Rd: raster maxlike.Rd: raster-package, raster Please provide package anchors for all Rd \link{} targets not in the package itself and the base packages. Flavors: r-devel-linux-x86_64-debian-clang, r-devel-linux-x86_64-debian-gcc, r-devel-windows-x86_64, r-patched-linux-x86_64, r-release-linux-x86_64, r-release-windows-x86_64