Last updated on 2025-04-30 04:50:11 CEST.
Flavor | Version | Tinstall | Tcheck | Ttotal | Status | Flags |
---|---|---|---|---|---|---|
r-devel-linux-x86_64-debian-clang | 0.7-25 | 3.71 | 36.35 | 40.06 | NOTE | |
r-devel-linux-x86_64-debian-gcc | 0.7-25 | 3.04 | 29.16 | 32.20 | NOTE | |
r-devel-linux-x86_64-fedora-clang | 0.7-25 | 62.75 | OK | |||
r-devel-linux-x86_64-fedora-gcc | 0.7-25 | 73.77 | OK | |||
r-devel-windows-x86_64 | 0.7-25 | 7.00 | 95.00 | 102.00 | OK | |
r-patched-linux-x86_64 | 0.7-25 | 4.01 | 35.30 | 39.31 | OK | |
r-release-linux-x86_64 | 0.7-25 | 3.36 | 35.42 | 38.78 | OK | |
r-release-macos-arm64 | 0.7-25 | 49.00 | OK | |||
r-release-macos-x86_64 | 0.7-25 | 61.00 | OK | |||
r-release-windows-x86_64 | 0.7-25 | 8.00 | 85.00 | 93.00 | OK | |
r-oldrel-macos-arm64 | 0.7-25 | 30.00 | OK | |||
r-oldrel-macos-x86_64 | 0.7-25 | 46.00 | OK | |||
r-oldrel-windows-x86_64 | 0.7-25 | 8.00 | 82.00 | 90.00 | OK |
Version: 0.7-25
Check: CRAN incoming feasibility
Result: NOTE
Maintainer: ‘Torsten Hothorn <Torsten.Hothorn@R-project.org>’
No Authors@R field in DESCRIPTION.
Please add one, modifying
Authors@R: person(given = "Torsten",
family = "Hothorn",
role = c("aut", "cre"),
email = "torsten.hothorn@r-project.org")
as necessary.
Flavors: r-devel-linux-x86_64-debian-clang, r-devel-linux-x86_64-debian-gcc