Last updated on 2025-04-30 04:50:11 CEST.
Flavor | Version | Tinstall | Tcheck | Ttotal | Status | Flags |
---|---|---|---|---|---|---|
r-devel-linux-x86_64-debian-clang | 0.1.0 | 5.73 | 85.49 | 91.22 | NOTE | |
r-devel-linux-x86_64-debian-gcc | 0.1.0 | 3.79 | 59.22 | 63.01 | OK | |
r-devel-linux-x86_64-fedora-clang | 0.1.0 | 140.68 | OK | |||
r-devel-linux-x86_64-fedora-gcc | 0.1.0 | 163.38 | OK | |||
r-devel-windows-x86_64 | 0.1.0 | 9.00 | 97.00 | 106.00 | OK | |
r-patched-linux-x86_64 | 0.1.0 | 5.79 | 80.38 | 86.17 | OK | |
r-release-linux-x86_64 | 0.1.0 | 5.36 | 80.05 | 85.41 | OK | |
r-release-macos-arm64 | 0.1.0 | 53.00 | OK | |||
r-release-macos-x86_64 | 0.1.0 | 97.00 | OK | |||
r-release-windows-x86_64 | 0.1.0 | 9.00 | 95.00 | 104.00 | OK | |
r-oldrel-macos-arm64 | 0.1.0 | 53.00 | OK | |||
r-oldrel-macos-x86_64 | 0.1.0 | 82.00 | OK | |||
r-oldrel-windows-x86_64 | 0.1.0 | 10.00 | 126.00 | 136.00 | OK |
Version: 0.1.0
Check: examples
Result: NOTE
Examples with CPU (user + system) or elapsed time > 5s
user system elapsed
calc_power 4.442 0.086 5.781
Flavor: r-devel-linux-x86_64-debian-clang