Last updated on 2025-04-30 04:50:11 CEST.
Flavor | Version | Tinstall | Tcheck | Ttotal | Status | Flags |
---|---|---|---|---|---|---|
r-devel-linux-x86_64-debian-clang | 0.6.1 | 11.05 | 163.24 | 174.29 | NOTE | |
r-devel-linux-x86_64-debian-gcc | 0.6.1 | 7.41 | 104.32 | 111.73 | NOTE | |
r-devel-linux-x86_64-fedora-clang | 0.6.1 | 299.76 | OK | |||
r-devel-linux-x86_64-fedora-gcc | 0.6.1 | 296.05 | OK | |||
r-devel-windows-x86_64 | 0.6.1 | 13.00 | 158.00 | 171.00 | OK | |
r-patched-linux-x86_64 | 0.6.1 | 11.08 | 155.81 | 166.89 | OK | |
r-release-linux-x86_64 | 0.6.1 | 10.19 | 153.35 | 163.54 | OK | |
r-release-macos-arm64 | 0.6.1 | 73.00 | OK | |||
r-release-macos-x86_64 | 0.6.1 | 231.00 | OK | |||
r-release-windows-x86_64 | 0.6.1 | 13.00 | 165.00 | 178.00 | OK | |
r-oldrel-macos-arm64 | 0.6.1 | 76.00 | OK | |||
r-oldrel-macos-x86_64 | 0.6.1 | 248.00 | OK | |||
r-oldrel-windows-x86_64 | 0.6.1 | 16.00 | 226.00 | 242.00 | OK |
Version: 0.6.1
Check: examples
Result: NOTE
Examples with CPU (user + system) or elapsed time > 5s
user system elapsed
mhglm 5.274 0.042 6.697
Flavor: r-devel-linux-x86_64-debian-clang
Version: 0.6.1
Check: examples
Result: NOTE
Examples with CPU (user + system) or elapsed time > 5s
user system elapsed
mhglm 3.321 0.285 5.081
Flavor: r-devel-linux-x86_64-debian-gcc