Last updated on 2025-04-30 04:50:11 CEST.
Flavor | Version | Tinstall | Tcheck | Ttotal | Status | Flags |
---|---|---|---|---|---|---|
r-devel-linux-x86_64-debian-clang | 1.1.0 | 35.97 | 298.22 | 334.19 | OK | |
r-devel-linux-x86_64-debian-gcc | 1.1.0 | 23.67 | 198.27 | 221.94 | OK | |
r-devel-linux-x86_64-fedora-clang | 1.1.0 | 504.60 | OK | |||
r-devel-linux-x86_64-fedora-gcc | 1.1.0 | 340.76 | OK | |||
r-devel-windows-x86_64 | 1.1.0 | 31.00 | 245.00 | 276.00 | OK | |
r-patched-linux-x86_64 | 1.0.0 | 36.58 | 287.49 | 324.07 | OK | |
r-release-linux-x86_64 | 1.1.0 | 31.04 | 281.81 | 312.85 | OK | |
r-release-macos-arm64 | 1.1.0 | 99.00 | OK | |||
r-release-macos-x86_64 | 1.1.0 | 182.00 | OK | |||
r-release-windows-x86_64 | 1.1.0 | 29.00 | 204.00 | 233.00 | OK | |
r-oldrel-macos-arm64 | 1.1.0 | 143.00 | NOTE | |||
r-oldrel-macos-x86_64 | 1.1.0 | 214.00 | NOTE | |||
r-oldrel-windows-x86_64 | 1.0.0 | 43.00 | 336.00 | 379.00 | OK |
Version: 1.1.0
Check: package dependencies
Result: NOTE
Package suggested but not available for checking: ‘INLA’
Flavors: r-oldrel-macos-arm64, r-oldrel-macos-x86_64
Version: 1.1.0
Check: Rd cross-references
Result: NOTE
Package unavailable to check Rd xrefs: ‘INLA’
Flavors: r-oldrel-macos-arm64, r-oldrel-macos-x86_64