Last updated on 2025-04-30 04:50:11 CEST.
Flavor | Version | Tinstall | Tcheck | Ttotal | Status | Flags |
---|---|---|---|---|---|---|
r-devel-linux-x86_64-debian-clang | 2.9-11 | 16.29 | 274.07 | 290.36 | NOTE | |
r-devel-linux-x86_64-debian-gcc | 2.9-11 | 10.11 | 186.51 | 196.62 | NOTE | |
r-devel-linux-x86_64-fedora-clang | 2.9-11 | 455.99 | OK | |||
r-devel-linux-x86_64-fedora-gcc | 2.9-11 | 466.25 | OK | |||
r-devel-windows-x86_64 | 2.9-11 | 18.00 | 143.00 | 161.00 | OK | --no-vignettes |
r-patched-linux-x86_64 | 2.9-11 | 15.82 | 268.41 | 284.23 | OK | |
r-release-linux-x86_64 | 2.9-11 | 16.26 | 265.97 | 282.23 | OK | |
r-release-macos-arm64 | 2.9-11 | 151.00 | OK | |||
r-release-macos-x86_64 | 2.9-11 | 302.00 | OK | |||
r-release-windows-x86_64 | 2.9-11 | 19.00 | 162.00 | 181.00 | OK | --no-vignettes |
r-oldrel-macos-arm64 | 2.9-11 | 141.00 | OK | |||
r-oldrel-macos-x86_64 | 2.9-11 | 464.00 | OK | |||
r-oldrel-windows-x86_64 | 2.9-11 | 22.00 | 176.00 | 198.00 | OK | --no-vignettes |
Version: 2.9-11
Check: examples
Result: NOTE
Examples with CPU (user + system) or elapsed time > 5s
user system elapsed
baselearners 9.556 0.329 11.629
Family 8.350 0.022 10.808
mboost_package 4.499 0.016 6.064
blackboost 3.437 0.004 5.099
Flavor: r-devel-linux-x86_64-debian-clang
Version: 2.9-11
Check: examples
Result: NOTE
Examples with CPU (user + system) or elapsed time > 5s
user system elapsed
baselearners 6.326 0.127 7.429
Family 5.295 0.035 6.421
Flavor: r-devel-linux-x86_64-debian-gcc