Last updated on 2025-04-30 04:50:11 CEST.
Flavor | Version | Tinstall | Tcheck | Ttotal | Status | Flags |
---|---|---|---|---|---|---|
r-devel-linux-x86_64-debian-clang | 0.0.1 | 9.68 | 96.06 | 105.74 | NOTE | |
r-devel-linux-x86_64-debian-gcc | 0.0.1 | 7.73 | 68.51 | 76.24 | NOTE | |
r-devel-linux-x86_64-fedora-clang | 0.0.1 | 159.26 | NOTE | |||
r-devel-linux-x86_64-fedora-gcc | 0.0.1 | 163.41 | NOTE | |||
r-devel-windows-x86_64 | 0.0.1 | 11.00 | 106.00 | 117.00 | OK | |
r-patched-linux-x86_64 | 0.0.1 | 10.45 | 87.19 | 97.64 | OK | |
r-release-linux-x86_64 | 0.0.1 | 10.36 | 86.07 | 96.43 | OK | |
r-release-macos-arm64 | 0.0.1 | 67.00 | OK | |||
r-release-macos-x86_64 | 0.0.1 | 102.00 | OK | |||
r-release-windows-x86_64 | 0.0.1 | 12.00 | 105.00 | 117.00 | OK | |
r-oldrel-macos-arm64 | 0.0.1 | 49.00 | OK | |||
r-oldrel-macos-x86_64 | 0.0.1 | 77.00 | OK | |||
r-oldrel-windows-x86_64 | 0.0.1 | 14.00 | 122.00 | 136.00 | OK |
Version: 0.0.1
Check: CRAN incoming feasibility
Result: NOTE
Maintainer: ‘Hung Nguyen <ntthung@gmail.com>’
No Authors@R field in DESCRIPTION.
Please add one, modifying
Authors@R: person(given = "Hung",
family = "Nguyen",
role = c("aut", "cre"),
email = "ntthung@gmail.com")
as necessary.
Flavors: r-devel-linux-x86_64-debian-clang, r-devel-linux-x86_64-debian-gcc
Version: 0.0.1
Check: dependencies in R code
Result: NOTE
Namespace in Imports field not imported from: ‘MASS’
All declared Imports should be used.
Flavors: r-devel-linux-x86_64-fedora-clang, r-devel-linux-x86_64-fedora-gcc