CRAN Package Check Results for Package mbrglm

Last updated on 2025-02-22 05:51:43 CET.

Flavor Version Tinstall Tcheck Ttotal Status Flags
r-devel-linux-x86_64-debian-clang 0.0.1 2.53 20.64 23.17 OK
r-devel-linux-x86_64-debian-gcc 0.0.1 2.00 16.59 18.59 OK
r-devel-linux-x86_64-fedora-clang 0.0.1 36.56 NOTE
r-devel-linux-x86_64-fedora-gcc 0.0.1 37.16 NOTE
r-devel-macos-arm64 0.0.1 16.00 OK
r-devel-macos-x86_64 0.0.1 37.00 OK
r-devel-windows-x86_64 0.0.1 5.00 45.00 50.00 OK
r-patched-linux-x86_64 0.0.1 2.38 19.83 22.21 OK
r-release-linux-x86_64 0.0.1 2.60 19.95 22.55 OK
r-release-macos-arm64 0.0.1 17.00 OK
r-release-macos-x86_64 0.0.1 23.00 OK
r-release-windows-x86_64 0.0.1 5.00 44.00 49.00 OK
r-oldrel-macos-arm64 0.0.1 17.00 OK
r-oldrel-macos-x86_64 0.0.1 23.00 OK
r-oldrel-windows-x86_64 0.0.1 5.00 48.00 53.00 OK

Check Details

Version: 0.0.1
Check: compiled code
Result: NOTE File ‘mbrglm/libs/mbrglm.so’: Found no calls to: ‘R_registerRoutines’, ‘R_useDynamicSymbols’ It is good practice to register native routines and to disable symbol search. See ‘Writing portable packages’ in the ‘Writing R Extensions’ manual. Flavors: r-devel-linux-x86_64-fedora-clang, r-devel-linux-x86_64-fedora-gcc