CRAN Package Check Results for Package mcStats

Last updated on 2025-04-30 04:50:11 CEST.

Flavor Version Tinstall Tcheck Ttotal Status Flags
r-devel-linux-x86_64-debian-clang 0.1.2 5.63 61.03 66.66 OK
r-devel-linux-x86_64-debian-gcc 0.1.2 3.77 44.26 48.03 OK
r-devel-linux-x86_64-fedora-clang 0.1.2 94.20 OK
r-devel-linux-x86_64-fedora-gcc 0.1.2 87.05 OK
r-devel-windows-x86_64 0.1.2 8.00 82.00 90.00 OK
r-patched-linux-x86_64 0.1.2 5.63 56.88 62.51 OK
r-release-linux-x86_64 0.1.2 5.91 56.75 62.66 OK
r-release-macos-arm64 0.1.2 28.00 OK
r-release-macos-x86_64 0.1.2 57.00 OK
r-release-windows-x86_64 0.1.2 8.00 86.00 94.00 OK
r-oldrel-macos-arm64 0.1.2 31.00 NOTE
r-oldrel-macos-x86_64 0.1.2 45.00 NOTE
r-oldrel-windows-x86_64 0.1.2 10.00 97.00 107.00 NOTE

Check Details

Version: 0.1.2
Check: LazyData
Result: NOTE 'LazyData' is specified without a 'data' directory Flavors: r-oldrel-macos-arm64, r-oldrel-macos-x86_64, r-oldrel-windows-x86_64