Last updated on 2025-04-30 04:50:11 CEST.
Flavor | Version | Tinstall | Tcheck | Ttotal | Status | Flags |
---|---|---|---|---|---|---|
r-devel-linux-x86_64-debian-clang | 1.3.3 | 4.30 | 643.49 | 647.79 | NOTE | |
r-devel-linux-x86_64-debian-gcc | 1.3.3 | 3.33 | 458.33 | 461.66 | OK | |
r-devel-linux-x86_64-fedora-clang | 1.3.3 | 1148.71 | OK | |||
r-devel-linux-x86_64-fedora-gcc | 1.3.3 | 1085.96 | OK | |||
r-devel-windows-x86_64 | 1.3.3 | 6.00 | 814.00 | 820.00 | OK | |
r-patched-linux-x86_64 | 1.3.3 | 4.31 | 621.28 | 625.59 | OK | |
r-release-linux-x86_64 | 1.3.3 | 4.12 | 634.29 | 638.41 | OK | |
r-release-macos-arm64 | 1.3.3 | 682.00 | OK | |||
r-release-macos-x86_64 | 1.3.3 | 660.00 | OK | |||
r-release-windows-x86_64 | 1.3.3 | 7.00 | 802.00 | 809.00 | OK | |
r-oldrel-macos-arm64 | 1.3.3 | 366.00 | OK | |||
r-oldrel-macos-x86_64 | 1.3.3 | 994.00 | OK | |||
r-oldrel-windows-x86_64 | 1.3.3 | 8.00 | 1040.00 | 1048.00 | OK |
Version: 1.3.3
Check: examples
Result: NOTE
Examples with CPU (user + system) or elapsed time > 5s
user system elapsed
plotmcd 6.554 0.031 8.273
Flavor: r-devel-linux-x86_64-debian-clang