Last updated on 2025-02-21 03:52:18 CET.
Flavor | Version | Tinstall | Tcheck | Ttotal | Status | Flags |
---|---|---|---|---|---|---|
r-devel-linux-x86_64-debian-clang | 0.1.15 | 9.43 | 101.90 | 111.33 | OK | |
r-devel-linux-x86_64-debian-gcc | 0.1.15 | 6.27 | 69.16 | 75.43 | OK | |
r-devel-linux-x86_64-fedora-clang | 0.1.15 | 170.96 | NOTE | |||
r-devel-linux-x86_64-fedora-gcc | 0.1.15 | 181.58 | NOTE | |||
r-devel-macos-arm64 | 0.1.15 | 48.00 | OK | |||
r-devel-macos-x86_64 | 0.1.15 | 107.00 | OK | |||
r-devel-windows-x86_64 | 0.1.15 | 11.00 | 103.00 | 114.00 | OK | |
r-patched-linux-x86_64 | 0.1.15 | 9.03 | 93.55 | 102.58 | OK | |
r-release-linux-x86_64 | 0.1.15 | 9.19 | 94.46 | 103.65 | OK | |
r-release-macos-arm64 | 0.1.15 | 50.00 | OK | |||
r-release-macos-x86_64 | 0.1.15 | 78.00 | OK | |||
r-release-windows-x86_64 | 0.1.15 | 11.00 | 100.00 | 111.00 | OK | |
r-oldrel-macos-arm64 | 0.1.15 | 53.00 | OK | |||
r-oldrel-macos-x86_64 | 0.1.15 | 101.00 | OK | |||
r-oldrel-windows-x86_64 | 0.1.15 | 13.00 | 125.00 | 138.00 | OK |
Version: 0.1.15
Check: dependencies in R code
Result: NOTE
Namespaces in Imports field not imported from:
‘MASS’ ‘lars’ ‘methods’ ‘parallel’ ‘smoothmest’
All declared Imports should be used.
Flavors: r-devel-linux-x86_64-fedora-clang, r-devel-linux-x86_64-fedora-gcc