Last updated on 2025-04-30 04:50:11 CEST.
Flavor | Version | Tinstall | Tcheck | Ttotal | Status | Flags |
---|---|---|---|---|---|---|
r-devel-linux-x86_64-debian-clang | 2.1 | 10.34 | 72.98 | 83.32 | NOTE | |
r-devel-linux-x86_64-debian-gcc | 2.1 | 6.07 | 51.86 | 57.93 | NOTE | |
r-devel-linux-x86_64-fedora-clang | 2.1 | 126.90 | OK | |||
r-devel-linux-x86_64-fedora-gcc | 2.1 | 122.21 | OK | |||
r-devel-windows-x86_64 | 2.1 | 10.00 | 85.00 | 95.00 | OK | |
r-patched-linux-x86_64 | 2.1 | 9.71 | 68.80 | 78.51 | OK | |
r-release-linux-x86_64 | 2.1 | 8.35 | 69.78 | 78.13 | OK | |
r-release-macos-arm64 | 2.1 | 38.00 | OK | |||
r-release-macos-x86_64 | 2.1 | 66.00 | OK | |||
r-release-windows-x86_64 | 2.1 | 9.00 | 86.00 | 95.00 | OK | |
r-oldrel-macos-arm64 | 2.1 | 37.00 | OK | |||
r-oldrel-macos-x86_64 | 2.1 | 65.00 | OK | |||
r-oldrel-windows-x86_64 | 2.1 | 12.00 | 98.00 | 110.00 | OK |
Version: 2.1
Check: CRAN incoming feasibility
Result: NOTE
Maintainer: ‘Chris M Manuel <cmmanuel@stat.tamu.edu>’
No Authors@R field in DESCRIPTION.
Please add one, modifying
Authors@R: c(person(given = c("Chris", "M"),
family = "Manuel",
role = c("aut", "cre"),
email = "cmmanuel@stat.tamu.edu"),
person(given = "Samiran",
family = "Sinha",
role = "aut"),
person(given = "Suojin",
family = "Wang",
role = "aut"))
as necessary.
Flavors: r-devel-linux-x86_64-debian-clang, r-devel-linux-x86_64-debian-gcc
Version: 2.1
Check: examples
Result: NOTE
Examples with CPU (user + system) or elapsed time > 5s
user system elapsed
matcdatamult 3.741 0 5.19
Flavor: r-devel-linux-x86_64-debian-clang