Last updated on 2025-04-30 04:50:11 CEST.
Flavor | Version | Tinstall | Tcheck | Ttotal | Status | Flags |
---|---|---|---|---|---|---|
r-devel-linux-x86_64-debian-clang | 0.7.8 | 91.10 | 344.32 | 435.42 | NOTE | |
r-devel-linux-x86_64-debian-gcc | 0.7.8 | 68.77 | 270.11 | 338.88 | NOTE | |
r-devel-linux-x86_64-fedora-clang | 0.7.8 | 762.30 | OK | |||
r-devel-linux-x86_64-fedora-gcc | 0.7.8 | 801.17 | OK | |||
r-devel-windows-x86_64 | 0.7.8 | 96.00 | 387.00 | 483.00 | OK | |
r-patched-linux-x86_64 | 0.7.8 | 97.64 | 338.11 | 435.75 | OK | |
r-release-linux-x86_64 | 0.7.8 | 94.80 | 339.95 | 434.75 | OK | |
r-release-macos-arm64 | 0.7.8 | 319.00 | OK | |||
r-release-macos-x86_64 | 0.7.8 | 359.00 | OK | |||
r-release-windows-x86_64 | 0.7.8 | 103.00 | 370.00 | 473.00 | OK | |
r-oldrel-macos-arm64 | 0.7.8 | 196.00 | NOTE | |||
r-oldrel-macos-x86_64 | 0.7.8 | 348.00 | NOTE | |||
r-oldrel-windows-x86_64 | 0.7.8 | 114.00 | 482.00 | 596.00 | OK |
Version: 0.7.8
Check: examples
Result: NOTE
Examples with CPU (user + system) or elapsed time > 5s
user system elapsed
brt 5.257 1.141 25.197
Flavor: r-devel-linux-x86_64-debian-clang
Version: 0.7.8
Check: examples
Result: NOTE
Examples with CPU (user + system) or elapsed time > 5s
user system elapsed
brt 8.166 4.682 27.277
Flavor: r-devel-linux-x86_64-debian-gcc
Version: 0.7.8
Check: installed package size
Result: NOTE
installed size is 21.3Mb
sub-directories of 1Mb or more:
R 2.0Mb
libs 18.8Mb
Flavors: r-oldrel-macos-arm64, r-oldrel-macos-x86_64