Last updated on 2025-04-30 04:50:11 CEST.
Flavor | Version | Tinstall | Tcheck | Ttotal | Status | Flags |
---|---|---|---|---|---|---|
r-devel-linux-x86_64-debian-clang | 1.1.1 | 8.73 | 115.21 | 123.94 | NOTE | |
r-devel-linux-x86_64-debian-gcc | 1.1.1 | 6.86 | 80.48 | 87.34 | NOTE | |
r-devel-linux-x86_64-fedora-clang | 1.1.1 | 205.90 | OK | |||
r-devel-linux-x86_64-fedora-gcc | 1.1.1 | 349.19 | OK | |||
r-devel-windows-x86_64 | 1.1.1 | 11.00 | 123.00 | 134.00 | OK | |
r-patched-linux-x86_64 | 1.1.1 | 9.84 | 110.71 | 120.55 | OK | |
r-release-linux-x86_64 | 1.1.1 | 9.33 | 107.84 | 117.17 | OK | |
r-release-macos-arm64 | 1.1.1 | 124.00 | OK | |||
r-release-macos-x86_64 | 1.1.1 | 226.00 | OK | |||
r-release-windows-x86_64 | 1.1.1 | 11.00 | 122.00 | 133.00 | OK | |
r-oldrel-macos-arm64 | 1.1.1 | 99.00 | OK | |||
r-oldrel-macos-x86_64 | 1.1.1 | 194.00 | OK | |||
r-oldrel-windows-x86_64 | 1.1.1 | 15.00 | 163.00 | 178.00 | OK |
Version: 1.1.1
Check: CRAN incoming feasibility
Result: NOTE
Maintainer: ‘Hannah Comiskey <hannah.comiskey.2015@mumail.ie>’
The Description field contains
<arXiv:2212.03844>.
Please refer to arXiv e-prints via their arXiv DOI <doi:10.48550/arXiv.YYMM.NNNNN>.
Flavors: r-devel-linux-x86_64-debian-clang, r-devel-linux-x86_64-debian-gcc