CRAN Package Check Results for Package mcunit

Last updated on 2025-04-30 04:50:11 CEST.

Flavor Version Tinstall Tcheck Ttotal Status Flags
r-devel-linux-x86_64-debian-clang 0.3.2 2.23 67.18 69.41 NOTE
r-devel-linux-x86_64-debian-gcc 0.3.2 1.72 44.96 46.68 NOTE
r-devel-linux-x86_64-fedora-clang 0.3.2 112.76 NOTE
r-devel-linux-x86_64-fedora-gcc 0.3.2 120.17 NOTE
r-devel-windows-x86_64 0.3.2 4.00 82.00 86.00 NOTE
r-patched-linux-x86_64 0.3.2 2.35 62.83 65.18 NOTE
r-release-linux-x86_64 0.3.2 2.15 61.77 63.92 NOTE
r-release-macos-arm64 0.3.2 44.00 NOTE
r-release-macos-x86_64 0.3.2 87.00 NOTE
r-release-windows-x86_64 0.3.2 4.00 83.00 87.00 NOTE
r-oldrel-macos-arm64 0.3.2 40.00 NOTE
r-oldrel-macos-x86_64 0.3.2 61.00 NOTE
r-oldrel-windows-x86_64 0.3.2 5.00 94.00 99.00 NOTE

Check Details

Version: 0.3.2
Check: CRAN incoming feasibility
Result: NOTE Maintainer: ‘Axel Gandy <a.gandy@imperial.ac.uk>’ The Description field contains described in Gandy and Scott (2020) <arXiv:2001.06465>. Please refer to arXiv e-prints via their arXiv DOI <doi:10.48550/arXiv.YYMM.NNNNN>. Flavors: r-devel-linux-x86_64-debian-clang, r-devel-linux-x86_64-debian-gcc

Version: 0.3.2
Check: package subdirectories
Result: NOTE Problems with news in ‘NEWS.md’: Cannot extract version info from the following section titles: Initial version. Flavors: r-devel-linux-x86_64-debian-clang, r-devel-linux-x86_64-debian-gcc, r-devel-linux-x86_64-fedora-clang, r-devel-linux-x86_64-fedora-gcc, r-devel-windows-x86_64, r-patched-linux-x86_64, r-release-linux-x86_64, r-release-macos-arm64, r-release-macos-x86_64, r-release-windows-x86_64, r-oldrel-macos-arm64, r-oldrel-macos-x86_64, r-oldrel-windows-x86_64