Last updated on 2025-04-30 04:50:11 CEST.
Flavor | Version | Tinstall | Tcheck | Ttotal | Status | Flags |
---|---|---|---|---|---|---|
r-devel-linux-x86_64-debian-clang | 0.1.7 | 101.56 | 68.26 | 169.82 | NOTE | |
r-devel-linux-x86_64-debian-gcc | 0.1.7 | 73.72 | 49.58 | 123.30 | NOTE | |
r-devel-linux-x86_64-fedora-clang | 0.1.7 | 320.93 | NOTE | |||
r-devel-linux-x86_64-fedora-gcc | 0.1.7 | 325.79 | NOTE | |||
r-devel-windows-x86_64 | 0.1.7 | 128.00 | 114.00 | 242.00 | NOTE | |
r-patched-linux-x86_64 | 0.1.7 | 109.67 | 63.85 | 173.52 | NOTE | |
r-release-linux-x86_64 | 0.1.7 | 104.74 | 64.45 | 169.19 | NOTE | |
r-release-macos-arm64 | 0.1.7 | 118.00 | NOTE | |||
r-release-macos-x86_64 | 0.1.7 | 96.00 | NOTE | |||
r-release-windows-x86_64 | 0.1.7 | 127.00 | 123.00 | 250.00 | NOTE | |
r-oldrel-macos-arm64 | 0.1.7 | 80.00 | NOTE | |||
r-oldrel-macos-x86_64 | 0.1.7 | 83.00 | NOTE | |||
r-oldrel-windows-x86_64 | 0.1.7 | 140.00 | 144.00 | 284.00 | NOTE |
Version: 0.1.7
Check: CRAN incoming feasibility
Result: NOTE
Maintainer: ‘Benjamin Christoffersen <boennecd@gmail.com>’
The Description field contains
<arXiv:2102.02642>. The method is related to Hoff (2007)
<doi:10.1214/07-AOAS107> and Zhao and Udell (2019) <arXiv:1910.12845>
Please refer to arXiv e-prints via their arXiv DOI <doi:10.48550/arXiv.YYMM.NNNNN>.
Flavors: r-devel-linux-x86_64-debian-clang, r-devel-linux-x86_64-debian-gcc
Version: 0.1.7
Check: Rd files
Result: NOTE
checkRd: (-1) get_mdgc.Rd:34: Lost braces in \itemize; meant \describe ?
checkRd: (-1) get_mdgc.Rd:35: Lost braces in \itemize; meant \describe ?
checkRd: (-1) get_mdgc.Rd:36: Lost braces in \itemize; meant \describe ?
checkRd: (-1) get_mdgc.Rd:37: Lost braces in \itemize; meant \describe ?
Flavors: r-devel-linux-x86_64-debian-clang, r-devel-linux-x86_64-debian-gcc, r-devel-linux-x86_64-fedora-clang, r-devel-linux-x86_64-fedora-gcc, r-devel-windows-x86_64, r-patched-linux-x86_64, r-release-linux-x86_64, r-release-macos-arm64, r-release-macos-x86_64, r-release-windows-x86_64, r-oldrel-macos-arm64, r-oldrel-macos-x86_64, r-oldrel-windows-x86_64
Version: 0.1.7
Check: installed package size
Result: NOTE
installed size is 10.7Mb
sub-directories of 1Mb or more:
libs 10.3Mb
Flavors: r-oldrel-macos-arm64, r-oldrel-macos-x86_64