Last updated on 2025-11-04 03:50:56 CET.
| Flavor | Version | Tinstall | Tcheck | Ttotal | Status | Flags | 
|---|---|---|---|---|---|---|
| r-devel-linux-x86_64-debian-clang | 0.0.4 | 3.01 | 28.42 | 31.43 | NOTE | |
| r-devel-linux-x86_64-debian-gcc | 0.0.4 | 2.05 | 21.87 | 23.92 | NOTE | |
| r-devel-linux-x86_64-fedora-clang | 0.0.4 | 48.44 | OK | |||
| r-devel-linux-x86_64-fedora-gcc | 0.0.4 | 47.47 | OK | |||
| r-devel-windows-x86_64 | 0.0.4 | 5.00 | 44.00 | 49.00 | OK | |
| r-patched-linux-x86_64 | 0.0.4 | 2.43 | 27.05 | 29.48 | OK | |
| r-release-linux-x86_64 | 0.0.4 | 2.80 | 26.56 | 29.36 | OK | |
| r-release-macos-arm64 | 0.0.4 | 2.00 | 31.00 | 33.00 | OK | |
| r-release-macos-x86_64 | 0.0.4 | 3.00 | 27.00 | 30.00 | OK | |
| r-release-windows-x86_64 | 0.0.4 | 3.00 | 43.00 | 46.00 | OK | |
| r-oldrel-macos-arm64 | 0.0.4 | 1.00 | 17.00 | 18.00 | NOTE | |
| r-oldrel-macos-x86_64 | 0.0.4 | 2.00 | 23.00 | 25.00 | NOTE | |
| r-oldrel-windows-x86_64 | 0.0.4 | 3.00 | 50.00 | 53.00 | NOTE | 
Version: 0.0.4
Check: CRAN incoming feasibility
Result: NOTE
  Maintainer: ‘Sarah Friedrich <sarah.friedrich@alumni.uni-ulm.de>’
  
  No Authors@R field in DESCRIPTION.
  Please add one, modifying
    Authors@R: c(person(given = "Marc",
                        family = "Ditzhaus",
                        role = "aut"),
                 person(given = "Sarah",
                        family = "Friedrich",
                        role = c("aut", "cre"),
                        email = "sarah.friedrich@alumni.uni-ulm.de"))
  as necessary.
  
  The Description field contains
    Ditzhaus, M. and Friedrich, S. (2018) <arXiv:1807.05504>.  Ditzhaus, M.
    and Pauly, M. (2018) <arXiv:1808.05627>.
  Please refer to arXiv e-prints via their arXiv DOI <doi:10.48550/arXiv.YYMM.NNNNN>.
Flavors: r-devel-linux-x86_64-debian-clang, r-devel-linux-x86_64-debian-gcc
Version: 0.0.4
Check: package dependencies
Result: NOTE
  Package suggested but not available for checking: ‘RGtk2’
Flavors: r-oldrel-macos-arm64, r-oldrel-macos-x86_64, r-oldrel-windows-x86_64
Version: 0.0.4
Check: LazyData
Result: NOTE
    'LazyData' is specified without a 'data' directory
Flavors: r-oldrel-macos-arm64, r-oldrel-macos-x86_64, r-oldrel-windows-x86_64