Last updated on 2025-04-30 04:50:11 CEST.
Flavor | Version | Tinstall | Tcheck | Ttotal | Status | Flags |
---|---|---|---|---|---|---|
r-devel-linux-x86_64-debian-clang | 0.2.8 | 37.39 | 75.43 | 112.82 | OK | |
r-devel-linux-x86_64-debian-gcc | 0.2.8 | 26.45 | 55.07 | 81.52 | OK | |
r-devel-linux-x86_64-fedora-clang | 0.2.8 | 173.87 | OK | |||
r-devel-linux-x86_64-fedora-gcc | 0.2.8 | 168.74 | OK | |||
r-devel-windows-x86_64 | 0.2.8 | 39.00 | 103.00 | 142.00 | OK | |
r-patched-linux-x86_64 | 0.2.8 | 35.59 | 70.09 | 105.68 | OK | |
r-release-linux-x86_64 | 0.2.8 | 38.31 | 70.38 | 108.69 | OK | |
r-release-macos-arm64 | 0.2.8 | 58.00 | OK | |||
r-release-macos-x86_64 | 0.2.8 | 114.00 | OK | |||
r-release-windows-x86_64 | 0.2.8 | 42.00 | 101.00 | 143.00 | OK | |
r-oldrel-macos-arm64 | 0.2.8 | 68.00 | NOTE | |||
r-oldrel-macos-x86_64 | 0.2.8 | 194.00 | NOTE | |||
r-oldrel-windows-x86_64 | 0.2.8 | 50.00 | 120.00 | 170.00 | OK |
Version: 0.2.8
Check: installed package size
Result: NOTE
installed size is 5.4Mb
sub-directories of 1Mb or more:
data 5.1Mb
Flavors: r-oldrel-macos-arm64, r-oldrel-macos-x86_64