CRAN Package Check Results for Package measr

Last updated on 2025-04-30 04:50:11 CEST.

Flavor Version Tinstall Tcheck Ttotal Status Flags
r-devel-linux-x86_64-debian-clang 1.0.0 424.53 544.90 969.43 OK
r-devel-linux-x86_64-debian-gcc 1.0.0 378.99 365.00 743.99 OK
r-devel-linux-x86_64-fedora-clang 1.0.0 1465.66 NOTE
r-devel-linux-x86_64-fedora-gcc 1.0.0 1851.40 NOTE
r-devel-windows-x86_64 1.0.0 455.00 531.00 986.00 OK
r-patched-linux-x86_64 1.0.0 480.89 582.30 1063.19 OK
r-release-linux-x86_64 1.0.0 489.58 575.13 1064.71 OK
r-release-macos-arm64 1.0.0 357.00 OK
r-release-macos-x86_64 1.0.0 612.00 OK
r-release-windows-x86_64 1.0.0 469.00 535.00 1004.00 OK
r-oldrel-macos-arm64 1.0.0 210.00 NOTE
r-oldrel-macos-x86_64 1.0.0 316.00 NOTE
r-oldrel-windows-x86_64 1.0.0 505.00 761.00 1266.00 NOTE

Check Details

Version: 1.0.0
Check: dependencies in R code
Result: NOTE Namespaces in Imports field not imported from: ‘RcppParallel’ ‘rstantools’ All declared Imports should be used. Flavors: r-devel-linux-x86_64-fedora-clang, r-devel-linux-x86_64-fedora-gcc

Version: 1.0.0
Check: package dependencies
Result: NOTE Package suggested but not available for checking: ‘cmdstanr’ Flavors: r-oldrel-macos-arm64, r-oldrel-macos-x86_64, r-oldrel-windows-x86_64

Version: 1.0.0
Check: installed package size
Result: NOTE installed size is 85.7Mb sub-directories of 1Mb or more: libs 84.2Mb Flavors: r-oldrel-macos-arm64, r-oldrel-macos-x86_64, r-oldrel-windows-x86_64

Version: 1.0.0
Check: for GNU extensions in Makefiles
Result: NOTE GNU make is a SystemRequirements. Flavors: r-oldrel-macos-arm64, r-oldrel-macos-x86_64, r-oldrel-windows-x86_64