CRAN Package Check Results for Package meboot

Last updated on 2025-04-30 04:50:11 CEST.

Flavor Version Tinstall Tcheck Ttotal Status Flags
r-devel-linux-x86_64-debian-clang 1.4-9.4 3.88 125.85 129.73 NOTE
r-devel-linux-x86_64-debian-gcc 1.4-9.4 2.75 85.10 87.85 NOTE
r-devel-linux-x86_64-fedora-clang 1.4-9.4 223.01 OK
r-devel-linux-x86_64-fedora-gcc 1.4-9.4 222.90 OK
r-devel-windows-x86_64 1.4-9.4 8.00 151.00 159.00 OK
r-patched-linux-x86_64 1.4-9.4 4.15 123.65 127.80 OK
r-release-linux-x86_64 1.4-9.4 3.54 121.06 124.60 OK
r-release-macos-arm64 1.4-9.4 69.00 OK
r-release-macos-x86_64 1.4-9.4 137.00 OK
r-release-windows-x86_64 1.4-9.4 9.00 149.00 158.00 OK
r-oldrel-macos-arm64 1.4-9.4 65.00 OK
r-oldrel-macos-x86_64 1.4-9.4 101.00 OK
r-oldrel-windows-x86_64 1.4-9.4 9.00 182.00 191.00 OK

Check Details

Version: 1.4-9.4
Check: CRAN incoming feasibility
Result: NOTE Maintainer: ‘Fred Viole <fviole@fordham.edu>’ No Authors@R field in DESCRIPTION. Please add one, modifying Authors@R: c(person(given = c("Hrishikesh", "D."), family = "Vinod", role = "aut", email = "Vinod@fordham.edu"), person(given = "Javier", family = "López-de-Lacalle", role = "aut", email = "javlacalle@yahoo.es"), person(given = "Fred", family = "Viole", role = c("aut", "cre"), email = "fviole@fordham.edu")) as necessary. Flavors: r-devel-linux-x86_64-debian-clang, r-devel-linux-x86_64-debian-gcc