CRAN Package Check Results for Package mecoturn

Last updated on 2025-04-30 04:50:11 CEST.

Flavor Version Tinstall Tcheck Ttotal Status Flags
r-devel-linux-x86_64-debian-clang 0.3.0 25.75 164.10 189.85 NOTE
r-devel-linux-x86_64-debian-gcc 0.3.0 17.25 113.82 131.07 NOTE
r-devel-linux-x86_64-fedora-clang 0.3.0 298.70 OK
r-devel-linux-x86_64-fedora-gcc 0.3.0 277.51 OK
r-devel-windows-x86_64 0.3.0 26.00 145.00 171.00 NOTE
r-patched-linux-x86_64 0.3.0 22.31 153.71 176.02 NOTE
r-release-linux-x86_64 0.3.0 23.57 150.15 173.72 NOTE
r-release-macos-arm64 0.3.0 74.00 OK
r-release-macos-x86_64 0.3.0 151.00 OK
r-release-windows-x86_64 0.3.0 25.00 139.00 164.00 NOTE
r-oldrel-macos-arm64 0.3.0 73.00 OK
r-oldrel-macos-x86_64 0.3.0 107.00 OK
r-oldrel-windows-x86_64 0.3.0 35.00 184.00 219.00 OK

Check Details

Version: 0.3.0
Check: Rd cross-references
Result: NOTE Found the following Rd file(s) with Rd \link{} targets missing package anchors: betaturn.Rd: microtable, trans_beta taxaturn.Rd: microtable Please provide package anchors for all Rd \link{} targets not in the package itself and the base packages. Flavors: r-devel-linux-x86_64-debian-clang, r-devel-linux-x86_64-debian-gcc, r-devel-windows-x86_64, r-patched-linux-x86_64, r-release-linux-x86_64, r-release-windows-x86_64