Last updated on 2025-04-30 04:50:11 CEST.
Flavor | Version | Tinstall | Tcheck | Ttotal | Status | Flags |
---|---|---|---|---|---|---|
r-devel-linux-x86_64-debian-clang | 4.8.1 | 455.59 | 190.18 | 645.77 | OK | |
r-devel-linux-x86_64-debian-gcc | 4.8.1 | 297.33 | 120.88 | 418.21 | OK | |
r-devel-linux-x86_64-fedora-clang | 4.8.1 | 965.73 | OK | |||
r-devel-linux-x86_64-fedora-gcc | 4.8.1 | 1130.37 | OK | |||
r-devel-windows-x86_64 | 4.8.1 | 332.00 | 309.00 | 641.00 | OK | |
r-patched-linux-x86_64 | 4.8.1 | 413.08 | 180.00 | 593.08 | OK | |
r-release-linux-x86_64 | 4.8.1 | 395.60 | 179.78 | 575.38 | OK | |
r-release-macos-arm64 | 4.8.1 | 158.00 | OK | |||
r-release-macos-x86_64 | 4.8.1 | 202.00 | OK | |||
r-release-windows-x86_64 | 4.8.1 | 336.00 | 273.00 | 609.00 | OK | |
r-oldrel-macos-arm64 | 4.8.1 | 183.00 | NOTE | |||
r-oldrel-macos-x86_64 | 4.8.1 | 201.00 | NOTE | |||
r-oldrel-windows-x86_64 | 4.8.1 | 447.00 | 336.00 | 783.00 | NOTE |
Version: 4.8.1
Check: installed package size
Result: NOTE
installed size is 52.8Mb
sub-directories of 1Mb or more:
libs 51.5Mb
Flavors: r-oldrel-macos-arm64, r-oldrel-macos-x86_64, r-oldrel-windows-x86_64