Last updated on 2025-04-30 04:50:11 CEST.
Flavor | Version | Tinstall | Tcheck | Ttotal | Status | Flags |
---|---|---|---|---|---|---|
r-devel-linux-x86_64-debian-clang | 0.6-10 | 7.06 | 87.02 | 94.08 | NOTE | |
r-devel-linux-x86_64-debian-gcc | 0.6-10 | 5.52 | 64.16 | 69.68 | NOTE | |
r-devel-linux-x86_64-fedora-clang | 0.6-10 | 147.22 | OK | |||
r-devel-linux-x86_64-fedora-gcc | 0.6-10 | 159.54 | OK | |||
r-devel-windows-x86_64 | 0.6-10 | 10.00 | 131.00 | 141.00 | NOTE | |
r-patched-linux-x86_64 | 0.6-10 | 7.71 | 84.01 | 91.72 | NOTE | |
r-release-linux-x86_64 | 0.6-10 | 8.42 | 82.23 | 90.65 | NOTE | |
r-release-macos-arm64 | 0.6-10 | 52.00 | OK | |||
r-release-macos-x86_64 | 0.6-10 | 102.00 | OK | |||
r-release-windows-x86_64 | 0.6-10 | 10.00 | 126.00 | 136.00 | NOTE | |
r-oldrel-macos-arm64 | 0.6-10 | 53.00 | OK | |||
r-oldrel-macos-x86_64 | 0.6-10 | 87.00 | OK | |||
r-oldrel-windows-x86_64 | 0.6-10 | 12.00 | 143.00 | 155.00 | OK |
Version: 0.6-10
Check: Rd cross-references
Result: NOTE
Found the following Rd file(s) with Rd \link{} targets missing package
anchors:
neLht-methods.Rd: coef.glht
neLht.Rd: coef.glht
Please provide package anchors for all Rd \link{} targets not in the
package itself and the base packages.
Flavors: r-devel-linux-x86_64-debian-clang, r-devel-linux-x86_64-debian-gcc, r-devel-windows-x86_64, r-patched-linux-x86_64, r-release-linux-x86_64, r-release-windows-x86_64