Last updated on 2025-04-30 04:50:11 CEST.
Flavor | Version | Tinstall | Tcheck | Ttotal | Status | Flags |
---|---|---|---|---|---|---|
r-devel-linux-x86_64-debian-clang | 0.2.0 | 3.69 | 25.55 | 29.24 | NOTE | |
r-devel-linux-x86_64-debian-gcc | 0.2.0 | 2.74 | 19.16 | 21.90 | NOTE | |
r-devel-linux-x86_64-fedora-clang | 0.2.0 | 46.49 | OK | |||
r-devel-linux-x86_64-fedora-gcc | 0.2.0 | 44.41 | OK | |||
r-devel-windows-x86_64 | 0.2.0 | 5.00 | 48.00 | 53.00 | OK | |
r-patched-linux-x86_64 | 0.2.0 | 3.45 | 24.66 | 28.11 | OK | |
r-release-linux-x86_64 | 0.2.0 | 3.39 | 24.73 | 28.12 | OK | |
r-release-macos-arm64 | 0.2.0 | 30.00 | OK | |||
r-release-macos-x86_64 | 0.2.0 | 29.00 | OK | |||
r-release-windows-x86_64 | 0.2.0 | 4.00 | 49.00 | 53.00 | OK | |
r-oldrel-macos-arm64 | 0.2.0 | 16.00 | OK | |||
r-oldrel-macos-x86_64 | 0.2.0 | 25.00 | OK | |||
r-oldrel-windows-x86_64 | 0.2.0 | 5.00 | 45.00 | 50.00 | OK |
Version: 0.2.0
Check: CRAN incoming feasibility
Result: NOTE
Maintainer: ‘Chao Cheng <c.cheng@yale.edu>’
No Authors@R field in DESCRIPTION.
Please add one, modifying
Authors@R: c(person(given = c("Chao", "Cheng;", "Donna", "Spiegelman;", "Fan"),
family = "Li",
role = "aut"),
person(given = "Chao",
family = "Cheng",
role = "cre",
email = "c.cheng@yale.edu"))
as necessary.
Flavors: r-devel-linux-x86_64-debian-clang, r-devel-linux-x86_64-debian-gcc