Last updated on 2025-04-30 04:50:11 CEST.
Flavor | Version | Tinstall | Tcheck | Ttotal | Status | Flags |
---|---|---|---|---|---|---|
r-devel-linux-x86_64-debian-clang | 1.3 | 2.95 | 38.91 | 41.86 | NOTE | |
r-devel-linux-x86_64-debian-gcc | 1.3 | 3.17 | 29.94 | 33.11 | NOTE | |
r-devel-linux-x86_64-fedora-clang | 1.3 | 67.56 | OK | |||
r-devel-linux-x86_64-fedora-gcc | 1.3 | 99.69 | OK | |||
r-devel-windows-x86_64 | 1.3 | 5.00 | 66.00 | 71.00 | NOTE | |
r-patched-linux-x86_64 | 1.3 | 4.36 | 37.57 | 41.93 | NOTE | |
r-release-linux-x86_64 | 1.3 | 3.67 | 37.38 | 41.05 | NOTE | |
r-release-macos-arm64 | 1.3 | 46.00 | OK | |||
r-release-macos-x86_64 | 1.3 | 71.00 | OK | |||
r-release-windows-x86_64 | 1.3 | 6.00 | 64.00 | 70.00 | NOTE | |
r-oldrel-macos-arm64 | 1.3 | 35.00 | OK | |||
r-oldrel-macos-x86_64 | 1.3 | 54.00 | OK | |||
r-oldrel-windows-x86_64 | 1.3 | 6.00 | 70.00 | 76.00 | OK |
Version: 1.3
Check: Rd cross-references
Result: NOTE
Found the following Rd file(s) with Rd \link{} targets missing package
anchors:
generate_comorbidity_df.Rd: ddply
melt_icd9list.Rd: ddply
Please provide package anchors for all Rd \link{} targets not in the
package itself and the base packages.
Flavors: r-devel-linux-x86_64-debian-clang, r-devel-linux-x86_64-debian-gcc, r-devel-windows-x86_64, r-patched-linux-x86_64, r-release-linux-x86_64, r-release-windows-x86_64