Last updated on 2025-04-30 04:50:11 CEST.
Flavor | Version | Tinstall | Tcheck | Ttotal | Status | Flags |
---|---|---|---|---|---|---|
r-devel-linux-x86_64-debian-clang | 0.2-2 | 3.51 | 40.76 | 44.27 | NOTE | |
r-devel-linux-x86_64-debian-gcc | 0.2-2 | 3.61 | 29.41 | 33.02 | NOTE | |
r-devel-linux-x86_64-fedora-clang | 0.2-2 | 70.95 | NOTE | |||
r-devel-linux-x86_64-fedora-gcc | 0.2-2 | 84.00 | NOTE | |||
r-devel-windows-x86_64 | 0.2-2 | 6.00 | 67.00 | 73.00 | OK | |
r-patched-linux-x86_64 | 0.2-2 | 4.66 | 38.76 | 43.42 | OK | |
r-release-linux-x86_64 | 0.2-2 | 4.66 | 38.98 | 43.64 | OK | |
r-release-macos-arm64 | 0.2-2 | 28.00 | OK | |||
r-release-macos-x86_64 | 0.2-2 | 56.00 | OK | |||
r-release-windows-x86_64 | 0.2-2 | 6.00 | 62.00 | 68.00 | OK | |
r-oldrel-macos-arm64 | 0.2-2 | 28.00 | OK | |||
r-oldrel-macos-x86_64 | 0.2-2 | 45.00 | OK | |||
r-oldrel-windows-x86_64 | 0.2-2 | 7.00 | 72.00 | 79.00 | OK |
Version: 0.2-2
Check: CRAN incoming feasibility
Result: NOTE
Maintainer: ‘Walter K Kremers <kremers.walter@mayo.edu>’
The Description field contains
<arXiv:2106.14063> and is an extension of the works by Chen Y-H, Chen
Please refer to arXiv e-prints via their arXiv DOI <doi:10.48550/arXiv.YYMM.NNNNN>.
Flavors: r-devel-linux-x86_64-debian-clang, r-devel-linux-x86_64-debian-gcc
Version: 0.2-2
Check: examples
Result: NOTE
Examples with CPU (user + system) or elapsed time > 5s
user system elapsed
meerva.sim.block 5.436 0.067 6.888
Flavor: r-devel-linux-x86_64-debian-clang
Version: 0.2-2
Check: dependencies in R code
Result: NOTE
Namespace in Imports field not imported from: ‘dplyr’
All declared Imports should be used.
Flavors: r-devel-linux-x86_64-fedora-clang, r-devel-linux-x86_64-fedora-gcc