Last updated on 2025-02-21 03:52:19 CET.
Flavor | Version | Tinstall | Tcheck | Ttotal | Status | Flags |
---|---|---|---|---|---|---|
r-devel-linux-x86_64-debian-clang | 1.11.4 | 258.85 | 366.32 | 625.17 | OK | |
r-devel-linux-x86_64-debian-gcc | 1.11.4 | 221.68 | 268.11 | 489.79 | OK | |
r-devel-linux-x86_64-fedora-clang | 1.11.4 | 1154.56 | OK | |||
r-devel-linux-x86_64-fedora-gcc | 1.11.4 | 1300.05 | OK | |||
r-devel-macos-arm64 | 1.11.4 | 296.00 | OK | |||
r-devel-macos-x86_64 | 1.11.4 | 508.00 | OK | |||
r-devel-windows-x86_64 | 1.11.4 | 242.00 | 591.00 | 833.00 | OK | |
r-patched-linux-x86_64 | 1.11.4 | 294.43 | 385.90 | 680.33 | OK | |
r-release-linux-x86_64 | 1.11.4 | 289.76 | 388.08 | 677.84 | OK | |
r-release-macos-arm64 | 1.11.4 | 336.00 | NOTE | |||
r-release-macos-x86_64 | 1.11.4 | 695.00 | NOTE | |||
r-release-windows-x86_64 | 1.11.4 | 254.00 | 582.00 | 836.00 | OK | |
r-oldrel-macos-arm64 | 1.11.4 | 317.00 | NOTE | |||
r-oldrel-macos-x86_64 | 1.11.4 | 664.00 | NOTE | |||
r-oldrel-windows-x86_64 | 1.11.4 | 319.00 | 623.00 | 942.00 | OK |
Version: 1.11.4
Check: installed package size
Result: NOTE
installed size is 155.5Mb
sub-directories of 1Mb or more:
libs 154.0Mb
Flavors: r-release-macos-arm64, r-release-macos-x86_64, r-oldrel-macos-arm64, r-oldrel-macos-x86_64