Last updated on 2025-04-30 04:50:11 CEST.
Flavor | Version | Tinstall | Tcheck | Ttotal | Status | Flags |
---|---|---|---|---|---|---|
r-devel-linux-x86_64-debian-clang | 1.11.4 | 254.85 | 371.64 | 626.49 | OK | |
r-devel-linux-x86_64-debian-gcc | 1.11.4 | 218.80 | 263.89 | 482.69 | OK | |
r-devel-linux-x86_64-fedora-clang | 1.11.4 | 1151.63 | OK | |||
r-devel-linux-x86_64-fedora-gcc | 1.11.4 | 1237.36 | OK | |||
r-devel-windows-x86_64 | 1.11.4 | 268.00 | 593.00 | 861.00 | OK | |
r-patched-linux-x86_64 | 1.11.4 | 287.25 | 384.59 | 671.84 | OK | |
r-release-linux-x86_64 | 1.11.4 | 295.23 | 387.03 | 682.26 | OK | |
r-release-macos-arm64 | 1.11.4 | 328.00 | OK | |||
r-release-macos-x86_64 | 1.11.4 | 519.00 | OK | |||
r-release-windows-x86_64 | 1.11.4 | 260.00 | 582.00 | 842.00 | OK | |
r-oldrel-macos-arm64 | 1.11.4 | 336.00 | NOTE | |||
r-oldrel-macos-x86_64 | 1.11.4 | 695.00 | NOTE | |||
r-oldrel-windows-x86_64 | 1.11.4 | 299.00 | 664.00 | 963.00 | OK |
Version: 1.11.4
Check: installed package size
Result: NOTE
installed size is 155.5Mb
sub-directories of 1Mb or more:
libs 154.0Mb
Flavors: r-oldrel-macos-arm64, r-oldrel-macos-x86_64