Last updated on 2025-04-30 04:50:11 CEST.
Flavor | Version | Tinstall | Tcheck | Ttotal | Status | Flags |
---|---|---|---|---|---|---|
r-devel-linux-x86_64-debian-clang | 0.4.3 | 29.68 | 91.70 | 121.38 | NOTE | |
r-devel-linux-x86_64-debian-gcc | 0.4.3 | 19.09 | 66.00 | 85.09 | NOTE | |
r-devel-linux-x86_64-fedora-clang | 0.4.3 | 191.41 | OK | |||
r-devel-linux-x86_64-fedora-gcc | 0.4.3 | 187.93 | OK | |||
r-devel-windows-x86_64 | 0.4.3 | 34.00 | 122.00 | 156.00 | OK | |
r-patched-linux-x86_64 | 0.4.3 | 25.92 | 87.13 | 113.05 | OK | |
r-release-linux-x86_64 | 0.4.3 | 28.77 | 85.07 | 113.84 | OK | |
r-release-macos-arm64 | 0.4.3 | 48.00 | OK | |||
r-release-macos-x86_64 | 0.4.3 | 89.00 | OK | |||
r-release-windows-x86_64 | 0.4.3 | 37.00 | 117.00 | 154.00 | OK | |
r-oldrel-macos-arm64 | 0.4.3 | 49.00 | OK | |||
r-oldrel-macos-x86_64 | 0.4.3 | 76.00 | OK | |||
r-oldrel-windows-x86_64 | 0.4.3 | 39.00 | 142.00 | 181.00 | OK |
Version: 0.4.3
Check: CRAN incoming feasibility
Result: NOTE
Maintainer: ‘Karsten Donnay <kdonnay@gmx.net>’
No Authors@R field in DESCRIPTION.
Please add one, modifying
Authors@R: c(person(given = "Karsten",
family = "Donnay",
role = c("aut", "cre"),
email = "kdonnay@gmx.net"),
person(given = "Eric",
family = "Dunford",
role = "aut"))
as necessary.
Flavors: r-devel-linux-x86_64-debian-clang, r-devel-linux-x86_64-debian-gcc