Last updated on 2025-04-30 04:50:11 CEST.
Flavor | Version | Tinstall | Tcheck | Ttotal | Status | Flags |
---|---|---|---|---|---|---|
r-devel-linux-x86_64-debian-clang | 2.18 | 12.36 | 89.11 | 101.47 | NOTE | |
r-devel-linux-x86_64-debian-gcc | 2.18 | 8.73 | 61.05 | 69.78 | NOTE | |
r-devel-linux-x86_64-fedora-clang | 2.18 | 179.82 | NOTE | |||
r-devel-linux-x86_64-fedora-gcc | 2.18 | 170.50 | NOTE | |||
r-devel-windows-x86_64 | 2.18 | 15.00 | 107.00 | 122.00 | NOTE | |
r-patched-linux-x86_64 | 2.18 | 14.40 | 83.21 | 97.61 | NOTE | |
r-release-linux-x86_64 | 2.18 | 13.95 | 82.45 | 96.40 | NOTE | |
r-release-macos-arm64 | 2.18 | 38.00 | NOTE | |||
r-release-macos-x86_64 | 2.18 | 84.00 | NOTE | |||
r-release-windows-x86_64 | 2.18 | 15.00 | 104.00 | 119.00 | NOTE | |
r-oldrel-macos-arm64 | 2.18 | 39.00 | NOTE | |||
r-oldrel-macos-x86_64 | 2.18 | 65.00 | NOTE | |||
r-oldrel-windows-x86_64 | 2.18 | 17.00 | 123.00 | 140.00 | NOTE |
Version: 2.18
Check: Rd files
Result: NOTE
checkRd: (-1) flucyl.Rd:11: Lost braces in \itemize; meant \describe ?
checkRd: (-1) flucyl.Rd:12: Lost braces in \itemize; meant \describe ?
checkRd: (-1) flucyl.Rd:13: Lost braces in \itemize; meant \describe ?
checkRd: (-1) flucyl.Rd:14: Lost braces in \itemize; meant \describe ?
checkRd: (-1) flucyl.Rd:15: Lost braces in \itemize; meant \describe ?
checkRd: (-1) flucyl.Rd:16: Lost braces in \itemize; meant \describe ?
checkRd: (-1) flucyl.Rd:17: Lost braces in \itemize; meant \describe ?
checkRd: (-1) flucyl.Rd:18: Lost braces in \itemize; meant \describe ?
checkRd: (-1) memevolution.Rd:27: Lost braces in \itemize; \value handles \item{}{} directly
checkRd: (-1) memgoodness.Rd:96: Lost braces in \itemize; \value handles \item{}{} directly
checkRd: (-1) memgoodness.Rd:97-98: Lost braces in \itemize; \value handles \item{}{} directly
checkRd: (-1) memgoodness.Rd:99: Lost braces in \itemize; \value handles \item{}{} directly
checkRd: (-1) memgoodness.Rd:100: Lost braces in \itemize; \value handles \item{}{} directly
checkRd: (-1) memmodel.Rd:109: Lost braces in \itemize; meant \describe ?
checkRd: (-1) memmodel.Rd:110: Lost braces in \itemize; meant \describe ?
checkRd: (-1) memmodel.Rd:111: Lost braces in \itemize; meant \describe ?
checkRd: (-1) memmodel.Rd:112: Lost braces in \itemize; meant \describe ?
checkRd: (-1) memmodel.Rd:113: Lost braces in \itemize; meant \describe ?
checkRd: (-1) memmodel.Rd:114: Lost braces in \itemize; meant \describe ?
checkRd: (-1) memmodel.Rd:133: Lost braces; missing escapes or markup?
133 | to use {1} or {2} tailed confidence intervals when calculating the threshold (1 is
| ^
checkRd: (-1) memmodel.Rd:133: Lost braces; missing escapes or markup?
133 | to use {1} or {2} tailed confidence intervals when calculating the threshold (1 is
| ^
checkRd: (-1) memmodel.Rd:73: Lost braces in \itemize; \value handles \item{}{} directly
checkRd: (-1) memmodel.Rd:74-75: Lost braces in \itemize; \value handles \item{}{} directly
checkRd: (-1) memmodel.Rd:76: Lost braces in \itemize; \value handles \item{}{} directly
checkRd: (-1) memmodel.Rd:77: Lost braces in \itemize; \value handles \item{}{} directly
checkRd: (-1) memmodel.Rd:78: Lost braces in \itemize; \value handles \item{}{} directly
checkRd: (-1) memmodel.Rd:79: Lost braces in \itemize; \value handles \item{}{} directly
checkRd: (-1) memmodel.Rd:80: Lost braces in \itemize; \value handles \item{}{} directly
checkRd: (-1) memmodel.Rd:81: Lost braces in \itemize; \value handles \item{}{} directly
checkRd: (-1) memmodel.Rd:82: Lost braces in \itemize; \value handles \item{}{} directly
checkRd: (-1) memmodel.Rd:83: Lost braces in \itemize; \value handles \item{}{} directly
checkRd: (-1) memstability.Rd:18: Lost braces in \itemize; \value handles \item{}{} directly
checkRd: (-1) memstability.Rd:19: Lost braces in \itemize; \value handles \item{}{} directly
checkRd: (-1) memtiming.Rd:63: Lost braces in \itemize; meant \describe ?
checkRd: (-1) memtiming.Rd:64: Lost braces in \itemize; meant \describe ?
checkRd: (-1) memtiming.Rd:65: Lost braces in \itemize; meant \describe ?
checkRd: (-1) memtiming.Rd:66: Lost braces in \itemize; meant \describe ?
checkRd: (-1) memtiming.Rd:25: Lost braces in \itemize; \value handles \item{}{} directly
checkRd: (-1) memtiming.Rd:26: Lost braces in \itemize; \value handles \item{}{} directly
checkRd: (-1) memtiming.Rd:27: Lost braces in \itemize; \value handles \item{}{} directly
checkRd: (-1) memtiming.Rd:28: Lost braces in \itemize; \value handles \item{}{} directly
checkRd: (-1) memtiming.Rd:29: Lost braces in \itemize; \value handles \item{}{} directly
checkRd: (-1) memtiming.Rd:30: Lost braces in \itemize; \value handles \item{}{} directly
checkRd: (-1) memtiming.Rd:31: Lost braces in \itemize; \value handles \item{}{} directly
checkRd: (-1) memtiming.Rd:32: Lost braces in \itemize; \value handles \item{}{} directly
checkRd: (-1) memtiming.Rd:33: Lost braces in \itemize; \value handles \item{}{} directly
checkRd: (-1) memtiming.Rd:34: Lost braces in \itemize; \value handles \item{}{} directly
checkRd: (-1) memtiming.Rd:35: Lost braces in \itemize; \value handles \item{}{} directly
checkRd: (-1) memtrend.Rd:56-58: Lost braces in \itemize; meant \describe ?
checkRd: (-1) memtrend.Rd:59-61: Lost braces in \itemize; meant \describe ?
checkRd: (-1) memtrend.Rd:62: Lost braces in \itemize; meant \describe ?
checkRd: (-1) roc.analysis.Rd:48: Lost braces in \itemize; \value handles \item{}{} directly
checkRd: (-1) roc.analysis.Rd:49: Lost braces in \itemize; \value handles \item{}{} directly
checkRd: (-1) transformseries.Rd:29: Lost braces in \itemize; meant \describe ?
checkRd: (-1) transformseries.Rd:30: Lost braces in \itemize; meant \describe ?
checkRd: (-1) transformseries.Rd:31: Lost braces in \itemize; meant \describe ?
checkRd: (-1) transformseries.Rd:32: Lost braces in \itemize; meant \describe ?
checkRd: (-1) transformseries.Rd:33: Lost braces in \itemize; meant \describe ?
checkRd: (-1) transformseries.Rd:34: Lost braces in \itemize; meant \describe ?
checkRd: (-1) transformseries.Rd:35: Lost braces in \itemize; meant \describe ?
checkRd: (-1) transformseries.Rd:36: Lost braces in \itemize; meant \describe ?
checkRd: (-1) transformseries.Rd:37: Lost braces in \itemize; meant \describe ?
Flavors: r-devel-linux-x86_64-debian-clang, r-devel-linux-x86_64-debian-gcc, r-devel-linux-x86_64-fedora-clang, r-devel-linux-x86_64-fedora-gcc, r-devel-windows-x86_64, r-patched-linux-x86_64, r-release-linux-x86_64, r-release-macos-arm64, r-release-macos-x86_64, r-release-windows-x86_64, r-oldrel-macos-arm64, r-oldrel-macos-x86_64, r-oldrel-windows-x86_64
Version: 2.18
Check: Rd cross-references
Result: NOTE
Found the following Rd file(s) with Rd \link{} targets missing package
anchors:
memmodel.Rd: boot.ci, boot
Please provide package anchors for all Rd \link{} targets not in the
package itself and the base packages.
Flavors: r-devel-linux-x86_64-debian-clang, r-devel-linux-x86_64-debian-gcc, r-devel-windows-x86_64, r-patched-linux-x86_64, r-release-linux-x86_64, r-release-windows-x86_64
Version: 2.18
Check: examples
Result: NOTE
Examples with CPU (user + system) or elapsed time > 5s
user system elapsed
roc.analysis 5.827 0.038 7.521
Flavor: r-devel-linux-x86_64-debian-clang