Last updated on 2025-04-30 04:50:11 CEST.
Flavor | Version | Tinstall | Tcheck | Ttotal | Status | Flags |
---|---|---|---|---|---|---|
r-devel-linux-x86_64-debian-clang | 0.2.3 | 6.43 | 92.85 | 99.28 | NOTE | |
r-devel-linux-x86_64-debian-gcc | 0.2.3 | 4.20 | 69.63 | 73.83 | NOTE | |
r-devel-linux-x86_64-fedora-clang | 0.2.3 | 135.55 | OK | |||
r-devel-linux-x86_64-fedora-gcc | 0.2.3 | 153.15 | OK | |||
r-devel-windows-x86_64 | 0.2.3 | 8.00 | 110.00 | 118.00 | OK | |
r-patched-linux-x86_64 | 0.2.3 | 6.19 | 88.31 | 94.50 | OK | |
r-release-linux-x86_64 | 0.2.3 | 6.10 | 88.05 | 94.15 | OK | |
r-release-macos-arm64 | 0.2.3 | 1086.00 | OK | |||
r-release-macos-x86_64 | 0.2.3 | 1115.00 | OK | |||
r-release-windows-x86_64 | 0.2.3 | 9.00 | 107.00 | 116.00 | OK | |
r-oldrel-macos-arm64 | 0.2.3 | 1051.00 | OK | |||
r-oldrel-macos-x86_64 | 0.2.3 | 1102.00 | OK | |||
r-oldrel-windows-x86_64 | 0.2.3 | 10.00 | 127.00 | 137.00 | OK |
Version: 0.2.3
Check: examples
Result: NOTE
Examples with CPU (user + system) or elapsed time > 5s
user system elapsed
meme_save 5.023 0.136 6.191
Flavor: r-devel-linux-x86_64-debian-clang
Version: 0.2.3
Check: examples
Result: NOTE
Examples with CPU (user + system) or elapsed time > 5s
user system elapsed
meme_save 4.942 0.061 6.317
Flavor: r-devel-linux-x86_64-debian-gcc