CRAN Package Check Results for Package mermboost

Last updated on 2025-04-30 04:50:11 CEST.

Flavor Version Tinstall Tcheck Ttotal Status Flags
r-devel-linux-x86_64-debian-clang 0.1.0 9.29 81.49 90.78 NOTE
r-devel-linux-x86_64-debian-gcc 0.1.0 6.45 60.35 66.80 OK
r-devel-linux-x86_64-fedora-clang 0.1.0 139.76 OK
r-devel-linux-x86_64-fedora-gcc 0.1.0 141.94 OK
r-devel-windows-x86_64 0.1.0 11.00 89.00 100.00 OK
r-patched-linux-x86_64 0.1.0 9.42 77.54 86.96 OK
r-release-linux-x86_64 0.1.0 7.83 78.90 86.73 OK
r-release-macos-arm64 0.1.0 45.00 OK
r-release-macos-x86_64 0.1.0 92.00 OK
r-release-windows-x86_64 0.1.0 10.00 91.00 101.00 OK
r-oldrel-macos-arm64 0.1.0 44.00 OK
r-oldrel-macos-x86_64 0.1.0 85.00 OK
r-oldrel-windows-x86_64 0.1.0 12.00 113.00 125.00 OK

Check Details

Version: 0.1.0
Check: examples
Result: NOTE Examples with CPU (user + system) or elapsed time > 5s user system elapsed mer_cvrisk 4.886 0.01 6.15 Flavor: r-devel-linux-x86_64-debian-clang