Last updated on 2025-04-30 04:50:11 CEST.
Flavor | Version | Tinstall | Tcheck | Ttotal | Status | Flags |
---|---|---|---|---|---|---|
r-devel-linux-x86_64-debian-clang | 1.0 | 5.44 | 44.71 | 50.15 | OK | |
r-devel-linux-x86_64-debian-gcc | 1.0 | 3.78 | 33.59 | 37.37 | OK | |
r-devel-linux-x86_64-fedora-clang | 1.0 | 79.61 | NOTE | |||
r-devel-linux-x86_64-fedora-gcc | 1.0 | 90.58 | NOTE | |||
r-devel-windows-x86_64 | 1.0 | 7.00 | 69.00 | 76.00 | OK | |
r-patched-linux-x86_64 | 1.0 | 5.42 | 42.46 | 47.88 | OK | |
r-release-linux-x86_64 | 1.0 | 5.55 | 40.87 | 46.42 | OK | |
r-release-macos-arm64 | 1.0 | 33.00 | OK | |||
r-release-macos-x86_64 | 1.0 | 57.00 | OK | |||
r-release-windows-x86_64 | 1.0 | 6.00 | 72.00 | 78.00 | OK | |
r-oldrel-macos-arm64 | 1.0 | 32.00 | OK | |||
r-oldrel-macos-x86_64 | 1.0 | 70.00 | OK | |||
r-oldrel-windows-x86_64 | 1.0 | 8.00 | 74.00 | 82.00 | OK |
Version: 1.0
Check: dependencies in R code
Result: NOTE
Namespace in Imports field not imported from: ‘gt’
All declared Imports should be used.
Flavors: r-devel-linux-x86_64-fedora-clang, r-devel-linux-x86_64-fedora-gcc