Last updated on 2025-04-30 04:50:11 CEST.
Flavor | Version | Tinstall | Tcheck | Ttotal | Status | Flags |
---|---|---|---|---|---|---|
r-devel-linux-x86_64-debian-clang | 0.5.3 | 7.19 | 80.82 | 88.01 | NOTE | |
r-devel-linux-x86_64-debian-gcc | 0.5.3 | 5.00 | 56.16 | 61.16 | OK | |
r-devel-linux-x86_64-fedora-clang | 0.5.3 | 136.48 | OK | |||
r-devel-linux-x86_64-fedora-gcc | 0.5.3 | 132.51 | OK | |||
r-devel-windows-x86_64 | 0.5.3 | 8.00 | 93.00 | 101.00 | OK | |
r-patched-linux-x86_64 | 0.5.3 | 7.81 | 74.46 | 82.27 | OK | |
r-release-linux-x86_64 | 0.5.3 | 7.33 | 73.02 | 80.35 | OK | |
r-release-macos-arm64 | 0.5.3 | 44.00 | OK | |||
r-release-macos-x86_64 | 0.5.3 | 86.00 | OK | |||
r-release-windows-x86_64 | 0.5.3 | 9.00 | 89.00 | 98.00 | OK | |
r-oldrel-macos-arm64 | 0.5.3 | 53.00 | OK | |||
r-oldrel-macos-x86_64 | 0.5.3 | 88.00 | OK | |||
r-oldrel-windows-x86_64 | 0.5.3 | 11.00 | 124.00 | 135.00 | OK |
Version: 0.5.3
Check: examples
Result: NOTE
Examples with CPU (user + system) or elapsed time > 5s
user system elapsed
coerce_tendency 4.246 0.063 6.038
Flavor: r-devel-linux-x86_64-debian-clang