Last updated on 2025-04-30 04:50:11 CEST.
Flavor | Version | Tinstall | Tcheck | Ttotal | Status | Flags |
---|---|---|---|---|---|---|
r-devel-linux-x86_64-debian-clang | 0.18.0 | 16.28 | 275.59 | 291.87 | NOTE | |
r-devel-linux-x86_64-debian-gcc | 0.18.0 | 9.69 | 181.48 | 191.17 | OK | |
r-devel-linux-x86_64-fedora-clang | 0.18.0 | 475.80 | OK | |||
r-devel-linux-x86_64-fedora-gcc | 0.18.0 | 473.39 | OK | |||
r-devel-windows-x86_64 | 0.18.0 | 17.00 | 280.00 | 297.00 | OK | |
r-patched-linux-x86_64 | 0.18.0 | 14.47 | 255.32 | 269.79 | OK | |
r-release-linux-x86_64 | 0.18.0 | 14.31 | 254.46 | 268.77 | OK | |
r-release-macos-arm64 | 0.18.0 | 147.00 | OK | |||
r-release-macos-x86_64 | 0.18.0 | 255.00 | OK | |||
r-release-windows-x86_64 | 0.18.0 | 19.00 | 292.00 | 311.00 | OK | |
r-oldrel-macos-arm64 | 0.18.0 | 120.00 | OK | |||
r-oldrel-macos-x86_64 | 0.18.0 | 244.00 | NOTE | |||
r-oldrel-windows-x86_64 | 0.18.0 | 22.00 | 380.00 | 402.00 | OK |
Version: 0.18.0
Check: examples
Result: NOTE
Examples with CPU (user + system) or elapsed time > 5s
user system elapsed
EOF 4.935 0.137 7.488
geom_text_contour 4.357 0.040 5.386
Flavor: r-devel-linux-x86_64-debian-clang
Version: 0.18.0
Check: installed package size
Result: NOTE
installed size is 5.7Mb
sub-directories of 1Mb or more:
data 2.1Mb
doc 1.8Mb
Flavor: r-oldrel-macos-x86_64